{"id":4731,"date":"2026-08-30T14:41:20","date_gmt":"2026-08-30T14:41:20","guid":{"rendered":"https:\/\/library.appyard.uk\/archiwum\/czerniejewski-mieczyslaw\/"},"modified":"2026-08-30T14:41:20","modified_gmt":"2026-08-30T14:41:20","slug":"czerniejewski-mieczyslaw","status":"publish","type":"archiwum","link":"https:\/\/library.appyard.uk\/en\/archiwum\/czerniejewski-mieczyslaw\/","title":{"rendered":"CZERNIEJEWSKI Mieczys\u0142aw"},"template":"","meta":{"_breakdance_hide_in_design_set":false,"_breakdance_tags":""},"litera":[5],"class_list":["post-4731","archiwum","type-archiwum","status-publish","hentry","litera-c"],"meta_box":{"notes":"strzelec, spis Zwi\u0105zku Inwalid\u00f3w Wojennych PSZ","language":"PL","dod":"","pod":"","cod":"","cem":"","lname":"CZERNIEJEWSKI","fname":"Mieczys\u0142aw","othernames":"","dob":"04.01.1916","pob":"Brze\u017ano, pow. Konin","cob":"Polska","jobtitle":"","id_native":"1697","id_formatted":"C01697","kopert":"0","pdf_scan":[{"ID":"4925","name":"c01697_czerniejewski_mieczys\u0142aw.pdf","path":"\/var\/www\/vhosts\/library.appyard.uk\/httpdocs\/wp-content\/uploads\/archiwum\/c01697_czerniejewski_mieczys\u0142aw.pdf","url":"https:\/\/library.appyard.uk\/wp-content\/uploads\/archiwum\/c01697_czerniejewski_mieczys\u0142aw.pdf","title":"CZERNIEJEWSKI Mieczys\u0142aw \u2014 skan koperty"}]},"_links":{"self":[{"href":"https:\/\/library.appyard.uk\/en\/wp-json\/wp\/v2\/archiwum\/4731","targetHints":{"allow":["GET"]}}],"collection":[{"href":"https:\/\/library.appyard.uk\/en\/wp-json\/wp\/v2\/archiwum"}],"about":[{"href":"https:\/\/library.appyard.uk\/en\/wp-json\/wp\/v2\/types\/archiwum"}],"wp:attachment":[{"href":"https:\/\/library.appyard.uk\/en\/wp-json\/wp\/v2\/media?parent=4731"}],"wp:term":[{"taxonomy":"litera","embeddable":true,"href":"https:\/\/library.appyard.uk\/en\/wp-json\/wp\/v2\/litera?post=4731"}],"curies":[{"name":"wp","href":"https:\/\/api.w.org\/{rel}","templated":true}]}}

CZERNIEJEWSKI Mieczysław

strzelec, spis Związku Inwalidów Wojennych PSZ

Mieczysław

Brzeźno, pow. Konin

c01697_czerniejewski_mieczysław.pdf

/var/www/vhosts/library.appyard.uk/httpdocs/wp-content/uploads/archiwum/c01697_czerniejewski_mieczysław.pdf

https://library.appyard.uk/wp-content/uploads/archiwum/c01697_czerniejewski_mieczysław.pdf

CZERNIEJEWSKI Mieczysław — skan koperty
