{"id":4727,"date":"2026-08-30T14:41:20","date_gmt":"2026-08-30T14:41:20","guid":{"rendered":"https:\/\/library.appyard.uk\/archiwum\/czerniecki-jozef\/"},"modified":"2026-08-30T14:41:20","modified_gmt":"2026-08-30T14:41:20","slug":"czerniecki-jozef","status":"publish","type":"archiwum","link":"https:\/\/library.appyard.uk\/en\/archiwum\/czerniecki-jozef\/","title":{"rendered":"CZERNIECKI J\u00f3zef"},"template":"","meta":{"_breakdance_hide_in_design_set":false,"_breakdance_tags":""},"litera":[5],"class_list":["post-4727","archiwum","type-archiwum","status-publish","hentry","litera-c"],"meta_box":{"notes":"kapelan 2 Korpusu","language":"PL","dod":"12.08.1996","pod":"","cod":"","cem":"Mirocin, cmentarz parafialny","lname":"CZERNIECKI","fname":"J\u00f3zef","othernames":"","dob":"19.10.1909","pob":"Mirocin, pow. Przeworsk","cob":"Polska","jobtitle":"Ksi\u0105dz","id_native":"1693","id_formatted":"C01693","kopert":"0","pdf_scan":[{"ID":"4864","name":"c01693_czerniecki_j\u00f3zef.pdf","path":"\/var\/www\/vhosts\/library.appyard.uk\/httpdocs\/wp-content\/uploads\/archiwum\/c01693_czerniecki_j\u00f3zef.pdf","url":"https:\/\/library.appyard.uk\/wp-content\/uploads\/archiwum\/c01693_czerniecki_j\u00f3zef.pdf","title":"CZERNIECKI J\u00f3zef \u2014 skan koperty"}]},"_links":{"self":[{"href":"https:\/\/library.appyard.uk\/en\/wp-json\/wp\/v2\/archiwum\/4727","targetHints":{"allow":["GET"]}}],"collection":[{"href":"https:\/\/library.appyard.uk\/en\/wp-json\/wp\/v2\/archiwum"}],"about":[{"href":"https:\/\/library.appyard.uk\/en\/wp-json\/wp\/v2\/types\/archiwum"}],"wp:attachment":[{"href":"https:\/\/library.appyard.uk\/en\/wp-json\/wp\/v2\/media?parent=4727"}],"wp:term":[{"taxonomy":"litera","embeddable":true,"href":"https:\/\/library.appyard.uk\/en\/wp-json\/wp\/v2\/litera?post=4727"}],"curies":[{"name":"wp","href":"https:\/\/api.w.org\/{rel}","templated":true}]}}

CZERNIECKI Józef

Józef

Ksiądz

c01693_czerniecki_józef.pdf

/var/www/vhosts/library.appyard.uk/httpdocs/wp-content/uploads/archiwum/c01693_czerniecki_józef.pdf

https://library.appyard.uk/wp-content/uploads/archiwum/c01693_czerniecki_józef.pdf

CZERNIECKI Józef — skan koperty
