{"id":4647,"date":"2026-08-30T14:41:20","date_gmt":"2026-08-30T14:41:20","guid":{"rendered":"https:\/\/library.appyard.uk\/archiwum\/czepiel-jozef-jan\/"},"modified":"2026-08-30T14:41:20","modified_gmt":"2026-08-30T14:41:20","slug":"czepiel-jozef-jan","status":"publish","type":"archiwum","link":"https:\/\/library.appyard.uk\/en\/archiwum\/czepiel-jozef-jan\/","title":{"rendered":"CZEPIEL J\u00f3zef Jan"},"template":"","meta":{"_breakdance_hide_in_design_set":false,"_breakdance_tags":""},"litera":[5],"class_list":["post-4647","archiwum","type-archiwum","status-publish","hentry","litera-c"],"meta_box":{"notes":"oficer 2 Pu\u0142ku Pancernego 1 Dywizji","language":"PL","dod":"10.03.1998","pod":"Manchester","cod":"Wielka Brytania","cem":"","lname":"CZEPIEL","fname":"J\u00f3zef Jan","othernames":"","dob":"","pob":"Zag\u00f3rze","cob":"Polska","jobtitle":"\u017co\u0142nierz dyplomowany","id_native":"1613","id_formatted":"C01613","kopert":"","pdf_scan":[{"ID":"4859","name":"c01613_czepiel_jozef%20j_001.pdf","path":"\/var\/www\/vhosts\/library.appyard.uk\/httpdocs\/wp-content\/uploads\/archiwum\/c01613_czepiel_jozef%20j_001.pdf","url":"https:\/\/library.appyard.uk\/wp-content\/uploads\/archiwum\/c01613_czepiel_jozef%20j_001.pdf","title":"CZEPIEL J\u00f3zef Jan \u2014 skan koperty"}]},"_links":{"self":[{"href":"https:\/\/library.appyard.uk\/en\/wp-json\/wp\/v2\/archiwum\/4647","targetHints":{"allow":["GET"]}}],"collection":[{"href":"https:\/\/library.appyard.uk\/en\/wp-json\/wp\/v2\/archiwum"}],"about":[{"href":"https:\/\/library.appyard.uk\/en\/wp-json\/wp\/v2\/types\/archiwum"}],"wp:attachment":[{"href":"https:\/\/library.appyard.uk\/en\/wp-json\/wp\/v2\/media?parent=4647"}],"wp:term":[{"taxonomy":"litera","embeddable":true,"href":"https:\/\/library.appyard.uk\/en\/wp-json\/wp\/v2\/litera?post=4647"}],"curies":[{"name":"wp","href":"https:\/\/api.w.org\/{rel}","templated":true}]}}

CZEPIEL Józef Jan

oficer 2 Pułku Pancernego 1 Dywizji

Józef Jan

Zagórze

żołnierz dyplomowany

CZEPIEL Józef Jan — skan koperty
