{"id":4602,"date":"2026-08-30T14:41:20","date_gmt":"2026-08-30T14:41:20","guid":{"rendered":"https:\/\/library.appyard.uk\/archiwum\/czedekowski-boleslaw-jan\/"},"modified":"2026-08-30T14:41:20","modified_gmt":"2026-08-30T14:41:20","slug":"czedekowski-boleslaw-jan","status":"publish","type":"archiwum","link":"https:\/\/library.appyard.uk\/en\/archiwum\/czedekowski-boleslaw-jan\/","title":{"rendered":"CZEDEKOWSKI Boles\u0142aw Jan"},"template":"","meta":{"_breakdance_hide_in_design_set":false,"_breakdance_tags":""},"litera":[5],"class_list":["post-4602","archiwum","type-archiwum","status-publish","hentry","litera-c"],"meta_box":{"notes":"\u015bwiatowej s\u0142awy malarz portrecista","language":"PL","dod":"08.07.1969","pod":"Wiede\u0144","cod":"Austria","cem":"","lname":"CZEDEKOWSKI","fname":"Boles\u0142aw Jan","othernames":"","dob":"22.02.1885","pob":"Wojni\u0142\u00f3w","cob":"Polska\/ obecnie Ukraina","jobtitle":"Artysta malarz\/ rze\u017abiarz","id_native":"1568","id_formatted":"C01568","kopert":"","pdf_scan":[{"ID":"4902","name":"c01568_czedekowski_boleslaw%20j_001.pdf","path":"\/var\/www\/vhosts\/library.appyard.uk\/httpdocs\/wp-content\/uploads\/archiwum\/c01568_czedekowski_boleslaw%20j_001.pdf","url":"https:\/\/library.appyard.uk\/wp-content\/uploads\/archiwum\/c01568_czedekowski_boleslaw%20j_001.pdf","title":"CZEDEKOWSKI Boles\u0142aw Jan \u2014 skan koperty"}]},"_links":{"self":[{"href":"https:\/\/library.appyard.uk\/en\/wp-json\/wp\/v2\/archiwum\/4602","targetHints":{"allow":["GET"]}}],"collection":[{"href":"https:\/\/library.appyard.uk\/en\/wp-json\/wp\/v2\/archiwum"}],"about":[{"href":"https:\/\/library.appyard.uk\/en\/wp-json\/wp\/v2\/types\/archiwum"}],"wp:attachment":[{"href":"https:\/\/library.appyard.uk\/en\/wp-json\/wp\/v2\/media?parent=4602"}],"wp:term":[{"taxonomy":"litera","embeddable":true,"href":"https:\/\/library.appyard.uk\/en\/wp-json\/wp\/v2\/litera?post=4602"}],"curies":[{"name":"wp","href":"https:\/\/api.w.org\/{rel}","templated":true}]}}

CZEDEKOWSKI Bolesław Jan

światowej sławy malarz portrecista

Wiedeń

Bolesław Jan

Wojniłów

Artysta malarz/ rzeźbiarz

CZEDEKOWSKI Bolesław Jan — skan koperty
