{"id":4582,"date":"2026-08-30T14:41:19","date_gmt":"2026-08-30T14:41:19","guid":{"rendered":"https:\/\/library.appyard.uk\/archiwum\/czech-wladyslaw-walenty\/"},"modified":"2026-08-30T14:41:19","modified_gmt":"2026-08-30T14:41:19","slug":"czech-wladyslaw-walenty","status":"publish","type":"archiwum","link":"https:\/\/library.appyard.uk\/en\/archiwum\/czech-wladyslaw-walenty\/","title":{"rendered":"CZECH W\u0142adys\u0142aw Walenty"},"template":"","meta":{"_breakdance_hide_in_design_set":false,"_breakdance_tags":""},"litera":[5],"class_list":["post-4582","archiwum","type-archiwum","status-publish","hentry","litera-c"],"meta_box":{"notes":"54 lata \u017cycia, oficer kawalerii w WP, wyemigrowa\u0142 do Brazylii, w\u0142a\u015bciciel fazendy","language":"PL","dod":"23.12.1956","pod":"Joacaba, Santa Catarina","cod":"Brazylia","cem":"","lname":"CZECH","fname":"W\u0142adys\u0142aw Walenty","othernames":"","dob":"","pob":"","cob":"","jobtitle":"","id_native":"1548","id_formatted":"C01548","kopert":"","pdf_scan":[{"ID":"5092","name":"c01548_czech_wladyslaw%20w_001.pdf","path":"\/var\/www\/vhosts\/library.appyard.uk\/httpdocs\/wp-content\/uploads\/archiwum\/c01548_czech_wladyslaw%20w_001.pdf","url":"https:\/\/library.appyard.uk\/wp-content\/uploads\/archiwum\/c01548_czech_wladyslaw%20w_001.pdf","title":"CZECH W\u0142adys\u0142aw Walenty \u2014 skan koperty"}]},"_links":{"self":[{"href":"https:\/\/library.appyard.uk\/en\/wp-json\/wp\/v2\/archiwum\/4582","targetHints":{"allow":["GET"]}}],"collection":[{"href":"https:\/\/library.appyard.uk\/en\/wp-json\/wp\/v2\/archiwum"}],"about":[{"href":"https:\/\/library.appyard.uk\/en\/wp-json\/wp\/v2\/types\/archiwum"}],"wp:attachment":[{"href":"https:\/\/library.appyard.uk\/en\/wp-json\/wp\/v2\/media?parent=4582"}],"wp:term":[{"taxonomy":"litera","embeddable":true,"href":"https:\/\/library.appyard.uk\/en\/wp-json\/wp\/v2\/litera?post=4582"}],"curies":[{"name":"wp","href":"https:\/\/api.w.org\/{rel}","templated":true}]}}

CZECH Władysław Walenty

54 lata życia, oficer kawalerii w WP, wyemigrował do Brazylii, właściciel fazendy

Władysław Walenty

CZECH Władysław Walenty — skan koperty
