{"id":4534,"date":"2026-08-30T14:41:18","date_gmt":"2026-08-30T14:41:18","guid":{"rendered":"https:\/\/library.appyard.uk\/archiwum\/czarnyszewicz-florian\/"},"modified":"2026-08-30T14:41:18","modified_gmt":"2026-08-30T14:41:18","slug":"czarnyszewicz-florian","status":"publish","type":"archiwum","link":"https:\/\/library.appyard.uk\/en\/archiwum\/czarnyszewicz-florian\/","title":{"rendered":"CZARNYSZEWICZ Florian"},"template":"","meta":{"_breakdance_hide_in_design_set":false,"_breakdance_tags":""},"litera":[5],"class_list":["post-4534","archiwum","type-archiwum","status-publish","hentry","litera-c"],"meta_box":{"notes":"od 1924 w Argentynie, powie\u015b\u0107 Nadbere\u017ce\u0144cy","language":"PL","dod":"18.08.1964","pod":"Villa Carlos Paz","cod":"Argentyna","cem":"Villa Carlos Paz, cmentarz","lname":"CZARNYSZEWICZ","fname":"Florian","othernames":"","dob":"02.07.1900","pob":"","cob":"Polska\/ obecnie Bia\u0142oru\u015b","jobtitle":"pisarz","id_native":"1501","id_formatted":"C01501","kopert":"","pdf_scan":[{"ID":"5113","name":"c01501_czarnyszewicz_florian_001.pdf","path":"\/var\/www\/vhosts\/library.appyard.uk\/httpdocs\/wp-content\/uploads\/archiwum\/c01501_czarnyszewicz_florian_001.pdf","url":"https:\/\/library.appyard.uk\/wp-content\/uploads\/archiwum\/c01501_czarnyszewicz_florian_001.pdf","title":"CZARNYSZEWICZ Florian \u2014 skan koperty"}]},"_links":{"self":[{"href":"https:\/\/library.appyard.uk\/en\/wp-json\/wp\/v2\/archiwum\/4534","targetHints":{"allow":["GET"]}}],"collection":[{"href":"https:\/\/library.appyard.uk\/en\/wp-json\/wp\/v2\/archiwum"}],"about":[{"href":"https:\/\/library.appyard.uk\/en\/wp-json\/wp\/v2\/types\/archiwum"}],"wp:attachment":[{"href":"https:\/\/library.appyard.uk\/en\/wp-json\/wp\/v2\/media?parent=4534"}],"wp:term":[{"taxonomy":"litera","embeddable":true,"href":"https:\/\/library.appyard.uk\/en\/wp-json\/wp\/v2\/litera?post=4534"}],"curies":[{"name":"wp","href":"https:\/\/api.w.org\/{rel}","templated":true}]}}

od 1924 w Argentynie, powieść Nadbereżeńcy

Polska/ obecnie Białoruś
