{"id":4492,"date":"2026-08-30T14:41:18","date_gmt":"2026-08-30T14:41:18","guid":{"rendered":"https:\/\/library.appyard.uk\/archiwum\/czarnek-leslaw-jan-ignacy\/"},"modified":"2026-08-30T14:41:18","modified_gmt":"2026-08-30T14:41:18","slug":"czarnek-leslaw-jan-ignacy","status":"publish","type":"archiwum","link":"https:\/\/library.appyard.uk\/en\/archiwum\/czarnek-leslaw-jan-ignacy\/","title":{"rendered":"CZARNEK Les\u0142aw Jan Ignacy"},"template":"","meta":{"_breakdance_hide_in_design_set":false,"_breakdance_tags":""},"litera":[5],"class_list":["post-4492","archiwum","type-archiwum","status-publish","hentry","litera-c"],"meta_box":{"notes":"mgr prawa Lw\u00f3w 1938, nauczyciel geografii Holly Cross Academy...","language":"PL","dod":"","pod":"","cod":"","cem":"","lname":"CZARNEK","fname":"Les\u0142aw Jan Ignacy","othernames":"Leslaw de CZARNEK, P\u00d3\u0141KOZIC de CZARNEK","dob":"19.08.1916","pob":"Rzesz\u00f3w","cob":"Polska","jobtitle":"prawnik","id_native":"1459","id_formatted":"C01459","kopert":"","pdf_scan":[{"ID":"5176","name":"c01459_czarnek_leslaw%20j%20i_001.pdf","path":"\/var\/www\/vhosts\/library.appyard.uk\/httpdocs\/wp-content\/uploads\/archiwum\/c01459_czarnek_leslaw%20j%20i_001.pdf","url":"https:\/\/library.appyard.uk\/wp-content\/uploads\/archiwum\/c01459_czarnek_leslaw%20j%20i_001.pdf","title":"CZARNEK Les\u0142aw Jan Ignacy \u2014 skan koperty"}]},"_links":{"self":[{"href":"https:\/\/library.appyard.uk\/en\/wp-json\/wp\/v2\/archiwum\/4492","targetHints":{"allow":["GET"]}}],"collection":[{"href":"https:\/\/library.appyard.uk\/en\/wp-json\/wp\/v2\/archiwum"}],"about":[{"href":"https:\/\/library.appyard.uk\/en\/wp-json\/wp\/v2\/types\/archiwum"}],"wp:attachment":[{"href":"https:\/\/library.appyard.uk\/en\/wp-json\/wp\/v2\/media?parent=4492"}],"wp:term":[{"taxonomy":"litera","embeddable":true,"href":"https:\/\/library.appyard.uk\/en\/wp-json\/wp\/v2\/litera?post=4492"}],"curies":[{"name":"wp","href":"https:\/\/api.w.org\/{rel}","templated":true}]}}

CZARNEK Lesław Jan Ignacy

mgr prawa Lwów 1938, nauczyciel geografii Holly Cross Academy...

Lesław Jan Ignacy

Leslaw de CZARNEK, PÓŁKOZIC de CZARNEK

Rzeszów

CZARNEK Lesław Jan Ignacy — skan koperty
