{"id":4491,"date":"2026-08-30T14:41:18","date_gmt":"2026-08-30T14:41:18","guid":{"rendered":"https:\/\/library.appyard.uk\/archiwum\/czarnecki-zygmunt-jerzy\/"},"modified":"2026-08-30T14:41:18","modified_gmt":"2026-08-30T14:41:18","slug":"czarnecki-zygmunt-jerzy","status":"publish","type":"archiwum","link":"https:\/\/library.appyard.uk\/en\/archiwum\/czarnecki-zygmunt-jerzy\/","title":{"rendered":"CZARNECKI Zygmunt Jerzy"},"template":"","meta":{"_breakdance_hide_in_design_set":false,"_breakdance_tags":""},"litera":[5],"class_list":["post-4491","archiwum","type-archiwum","status-publish","hentry","litera-c"],"meta_box":{"notes":"genera\u0142 Brygady, 5 Pu\u0142k Piechoty w Wilnie, 6 Lwowska Brygada Piechoty, 5 KDP, Virtuti Militari, Krzy\u017c Walecznych, Krzy\u017c Niepodleg\u0142o\u015bci i inne","language":"PL","dod":"24.12.1989","pod":"Londyn","cod":"Wielka Brytania","cem":"Pow\u0105zki, Warszawa","lname":"CZARNECKI","fname":"Zygmunt Jerzy","othernames":"","dob":"20.03.1900","pob":"Go\u0142\u0119bi\u00f3wek, pow. Kutno","cob":"Polska","jobtitle":"\u017co\u0142nierz dyplomowany","id_native":"1458","id_formatted":"C01458","kopert":"","pdf_scan":[{"ID":"5165","name":"c01458_czarnecki_zygmunt%20j_001.pdf","path":"\/var\/www\/vhosts\/library.appyard.uk\/httpdocs\/wp-content\/uploads\/archiwum\/c01458_czarnecki_zygmunt%20j_001.pdf","url":"https:\/\/library.appyard.uk\/wp-content\/uploads\/archiwum\/c01458_czarnecki_zygmunt%20j_001.pdf","title":"CZARNECKI Zygmunt Jerzy \u2014 skan koperty"}]},"_links":{"self":[{"href":"https:\/\/library.appyard.uk\/en\/wp-json\/wp\/v2\/archiwum\/4491","targetHints":{"allow":["GET"]}}],"collection":[{"href":"https:\/\/library.appyard.uk\/en\/wp-json\/wp\/v2\/archiwum"}],"about":[{"href":"https:\/\/library.appyard.uk\/en\/wp-json\/wp\/v2\/types\/archiwum"}],"wp:attachment":[{"href":"https:\/\/library.appyard.uk\/en\/wp-json\/wp\/v2\/media?parent=4491"}],"wp:term":[{"taxonomy":"litera","embeddable":true,"href":"https:\/\/library.appyard.uk\/en\/wp-json\/wp\/v2\/litera?post=4491"}],"curies":[{"name":"wp","href":"https:\/\/api.w.org\/{rel}","templated":true}]}}

generał Brygady, 5 Pułk Piechoty w Wilnie, 6 Lwowska Brygada Piechoty, 5 KDP, Virtuti Militari, Krzyż Walecznych, Krzyż Niepodległości i inne

Powązki, Warszawa

Gołębiówek, pow. Kutno

żołnierz dyplomowany
