{"id":4485,"date":"2026-08-30T14:41:18","date_gmt":"2026-08-30T14:41:18","guid":{"rendered":"https:\/\/library.appyard.uk\/archiwum\/czarnecki-stefan-2\/"},"modified":"2026-08-30T14:41:18","modified_gmt":"2026-08-30T14:41:18","slug":"czarnecki-stefan-2","status":"publish","type":"archiwum","link":"https:\/\/library.appyard.uk\/en\/archiwum\/czarnecki-stefan-2\/","title":{"rendered":"CZARNECKI Stefan"},"template":"","meta":{"_breakdance_hide_in_design_set":false,"_breakdance_tags":""},"litera":[5],"class_list":["post-4485","archiwum","type-archiwum","status-publish","hentry","litera-c"],"meta_box":{"notes":"Medal Niepodleg\u0142o\u015bci, Krzy\u017c Zas\u0142ugi i inne odznaczenia","language":"PL","dod":"02.03.1971","pod":"Chateau de la Petite Malmaison","cod":"Francja","cem":"Trocadero, Pary\u017c","lname":"CZARNECKI","fname":"Stefan","othernames":"","dob":"05.02.1904","pob":"","cob":"Polska","jobtitle":"in\u017cynier","id_native":"1452","id_formatted":"C01452","kopert":"","pdf_scan":[{"ID":"5277","name":"c01452_czarnecki_stefan%201_001.pdf","path":"\/var\/www\/vhosts\/library.appyard.uk\/httpdocs\/wp-content\/uploads\/archiwum\/c01452_czarnecki_stefan%201_001.pdf","url":"https:\/\/library.appyard.uk\/wp-content\/uploads\/archiwum\/c01452_czarnecki_stefan%201_001.pdf","title":"CZARNECKI Stefan \u2014 skan koperty"}]},"_links":{"self":[{"href":"https:\/\/library.appyard.uk\/en\/wp-json\/wp\/v2\/archiwum\/4485","targetHints":{"allow":["GET"]}}],"collection":[{"href":"https:\/\/library.appyard.uk\/en\/wp-json\/wp\/v2\/archiwum"}],"about":[{"href":"https:\/\/library.appyard.uk\/en\/wp-json\/wp\/v2\/types\/archiwum"}],"wp:attachment":[{"href":"https:\/\/library.appyard.uk\/en\/wp-json\/wp\/v2\/media?parent=4485"}],"wp:term":[{"taxonomy":"litera","embeddable":true,"href":"https:\/\/library.appyard.uk\/en\/wp-json\/wp\/v2\/litera?post=4485"}],"curies":[{"name":"wp","href":"https:\/\/api.w.org\/{rel}","templated":true}]}}

Medal Niepodległości, Krzyż Zasługi i inne odznaczenia

Trocadero, Paryż

inżynier
