{"id":4465,"date":"2026-08-30T14:41:18","date_gmt":"2026-08-30T14:41:18","guid":{"rendered":"https:\/\/library.appyard.uk\/archiwum\/czarnecki-andrzej\/"},"modified":"2026-08-30T14:41:18","modified_gmt":"2026-08-30T14:41:18","slug":"czarnecki-andrzej","status":"publish","type":"archiwum","link":"https:\/\/library.appyard.uk\/en\/archiwum\/czarnecki-andrzej\/","title":{"rendered":"CZARNECKI Andrzej"},"template":"","meta":{"_breakdance_hide_in_design_set":false,"_breakdance_tags":""},"litera":[5],"class_list":["post-4465","archiwum","type-archiwum","status-publish","hentry","litera-c"],"meta_box":{"notes":"podchor\u0105\u017cy w Si\u0142ach Polskich we Francji i cz\u0142onek ruchu oporu","language":"PL","dod":"06.06.1987","pod":"","cod":"Francja","cem":"","lname":"CZARNECKI","fname":"Andrzej","othernames":"","dob":"","pob":"","cob":"","jobtitle":"","id_native":"1432","id_formatted":"C01432","kopert":"","pdf_scan":[{"ID":"5232","name":"c01432_czarnecki_andrzej_001.pdf","path":"\/var\/www\/vhosts\/library.appyard.uk\/httpdocs\/wp-content\/uploads\/archiwum\/c01432_czarnecki_andrzej_001.pdf","url":"https:\/\/library.appyard.uk\/wp-content\/uploads\/archiwum\/c01432_czarnecki_andrzej_001.pdf","title":"CZARNECKI Andrzej \u2014 skan koperty"}]},"_links":{"self":[{"href":"https:\/\/library.appyard.uk\/en\/wp-json\/wp\/v2\/archiwum\/4465","targetHints":{"allow":["GET"]}}],"collection":[{"href":"https:\/\/library.appyard.uk\/en\/wp-json\/wp\/v2\/archiwum"}],"about":[{"href":"https:\/\/library.appyard.uk\/en\/wp-json\/wp\/v2\/types\/archiwum"}],"wp:attachment":[{"href":"https:\/\/library.appyard.uk\/en\/wp-json\/wp\/v2\/media?parent=4465"}],"wp:term":[{"taxonomy":"litera","embeddable":true,"href":"https:\/\/library.appyard.uk\/en\/wp-json\/wp\/v2\/litera?post=4465"}],"curies":[{"name":"wp","href":"https:\/\/api.w.org\/{rel}","templated":true}]}}

podchorąży w Siłach Polskich we Francji i członek ruchu oporu
