{"id":4454,"date":"2026-08-30T14:41:18","date_gmt":"2026-08-30T14:41:18","guid":{"rendered":"https:\/\/library.appyard.uk\/archiwum\/czarnecka-irena\/"},"modified":"2026-08-30T14:41:18","modified_gmt":"2026-08-30T14:41:18","slug":"czarnecka-irena","status":"publish","type":"archiwum","link":"https:\/\/library.appyard.uk\/en\/archiwum\/czarnecka-irena\/","title":{"rendered":"CZARNECKA Irena"},"template":"","meta":{"_breakdance_hide_in_design_set":false,"_breakdance_tags":""},"litera":[5],"class_list":["post-4454","archiwum","type-archiwum","status-publish","hentry","litera-c"],"meta_box":{"notes":"Krzy\u017c Zas\u0142ugi, sekretarz Gabinetu Ministra Spraw Zagranicznych Rz\u0105du Polskiego na uchod\u017actwie","language":"PL","dod":"29.04.2010","pod":"Londyn","cod":"Wielka Brytania","cem":"Gunnersbury Cemetery, Londyn","lname":"CZARNECKA","fname":"Irena","othernames":"z domu BOCHENEK","dob":"31.03.1926","pob":"","cob":"Polska","jobtitle":"","id_native":"1422","id_formatted":"C01422","kopert":"","pdf_scan":[{"ID":"5108","name":"c01422_czarnecka_irena_001.pdf","path":"\/var\/www\/vhosts\/library.appyard.uk\/httpdocs\/wp-content\/uploads\/archiwum\/c01422_czarnecka_irena_001.pdf","url":"https:\/\/library.appyard.uk\/wp-content\/uploads\/archiwum\/c01422_czarnecka_irena_001.pdf","title":"CZARNECKA Irena \u2014 skan koperty"}]},"_links":{"self":[{"href":"https:\/\/library.appyard.uk\/en\/wp-json\/wp\/v2\/archiwum\/4454","targetHints":{"allow":["GET"]}}],"collection":[{"href":"https:\/\/library.appyard.uk\/en\/wp-json\/wp\/v2\/archiwum"}],"about":[{"href":"https:\/\/library.appyard.uk\/en\/wp-json\/wp\/v2\/types\/archiwum"}],"wp:attachment":[{"href":"https:\/\/library.appyard.uk\/en\/wp-json\/wp\/v2\/media?parent=4454"}],"wp:term":[{"taxonomy":"litera","embeddable":true,"href":"https:\/\/library.appyard.uk\/en\/wp-json\/wp\/v2\/litera?post=4454"}],"curies":[{"name":"wp","href":"https:\/\/api.w.org\/{rel}","templated":true}]}}

Krzyż Zasługi, sekretarz Gabinetu Ministra Spraw Zagranicznych Rządu Polskiego na uchodźctwie
