{"id":4219,"date":"2026-08-30T14:41:17","date_gmt":"2026-08-30T14:41:17","guid":{"rendered":"https:\/\/library.appyard.uk\/archiwum\/cwynar-michal\/"},"modified":"2026-08-30T14:41:17","modified_gmt":"2026-08-30T14:41:17","slug":"cwynar-michal","status":"publish","type":"archiwum","link":"https:\/\/library.appyard.uk\/en\/archiwum\/cwynar-michal\/","title":{"rendered":"CWYNAR Micha\u0142"},"template":"","meta":{"_breakdance_hide_in_design_set":false,"_breakdance_tags":""},"litera":[5],"class_list":["post-4219","archiwum","type-archiwum","status-publish","hentry","litera-c"],"meta_box":{"notes":"podpu\u0142kownik, pilot my\u015bliwski, dow\u00f3dca 316 Dywizjonu Warszawa, Virtuti Militari, Krzy\u017c Walecznych i inne odznaczenia","language":"PL","dod":"26.05.2008","pod":"Dumfries","cod":"Wielka Brytania","cem":"","lname":"CWYNAR","fname":"Micha\u0142","othernames":"","dob":"14.11.1915","pob":"Orzech\u00f3wka","cob":"Polska\/ obecnie Ukraina","jobtitle":"pilot","id_native":"1185","id_formatted":"C01185","kopert":"","pdf_scan":[{"ID":"5361","name":"c01185_cwynar_michal_001.pdf","path":"\/var\/www\/vhosts\/library.appyard.uk\/httpdocs\/wp-content\/uploads\/archiwum\/c01185_cwynar_michal_001.pdf","url":"https:\/\/library.appyard.uk\/wp-content\/uploads\/archiwum\/c01185_cwynar_michal_001.pdf","title":"CWYNAR Micha\u0142 \u2014 skan koperty"}]},"_links":{"self":[{"href":"https:\/\/library.appyard.uk\/en\/wp-json\/wp\/v2\/archiwum\/4219","targetHints":{"allow":["GET"]}}],"collection":[{"href":"https:\/\/library.appyard.uk\/en\/wp-json\/wp\/v2\/archiwum"}],"about":[{"href":"https:\/\/library.appyard.uk\/en\/wp-json\/wp\/v2\/types\/archiwum"}],"wp:attachment":[{"href":"https:\/\/library.appyard.uk\/en\/wp-json\/wp\/v2\/media?parent=4219"}],"wp:term":[{"taxonomy":"litera","embeddable":true,"href":"https:\/\/library.appyard.uk\/en\/wp-json\/wp\/v2\/litera?post=4219"}],"curies":[{"name":"wp","href":"https:\/\/api.w.org\/{rel}","templated":true}]}}

CWYNAR Michał

podpułkownik, pilot myśliwski, dowódca 316 Dywizjonu Warszawa, Virtuti Militari, Krzyż Walecznych i inne odznaczenia

Michał

Orzechówka

CWYNAR Michał — skan koperty
