{"id":4121,"date":"2026-08-30T14:41:16","date_gmt":"2026-08-30T14:41:16","guid":{"rendered":"https:\/\/library.appyard.uk\/archiwum\/clief-cwiklinska-von-malgorzata\/"},"modified":"2026-08-30T14:41:16","modified_gmt":"2026-08-30T14:41:16","slug":"clief-cwiklinska-von-malgorzata","status":"publish","type":"archiwum","link":"https:\/\/library.appyard.uk\/en\/archiwum\/clief-cwiklinska-von-malgorzata\/","title":{"rendered":"CLIEF-\u0106WIKLI\u0143SKA von Ma\u0142gorzata"},"template":"","meta":{"_breakdance_hide_in_design_set":false,"_breakdance_tags":""},"litera":[5],"class_list":["post-4121","archiwum","type-archiwum","status-publish","hentry","litera-c"],"meta_box":{"notes":"1988-89 sekretarz red. Nowego Dziennika, 1989-1998 red. Nacz. Gwiazdy Polarnej","language":"PL","dod":"06.02.2006","pod":"Milwaukee","cod":"Stany Zjednoczone","cem":"","lname":"CLIEF-\u0106WIKLI\u0143SKA von","fname":"Ma\u0142gorzata","othernames":"","dob":"1950","pob":"","cob":"","jobtitle":"","id_native":"1085","id_formatted":"C01085","kopert":"","pdf_scan":[{"ID":"5541","name":"c01085_clief-cwiklinska_malgorzata_001.pdf","path":"\/var\/www\/vhosts\/library.appyard.uk\/httpdocs\/wp-content\/uploads\/archiwum\/c01085_clief-cwiklinska_malgorzata_001.pdf","url":"https:\/\/library.appyard.uk\/wp-content\/uploads\/archiwum\/c01085_clief-cwiklinska_malgorzata_001.pdf","title":"CLIEF-\u0106WIKLI\u0143SKA von Ma\u0142gorzata \u2014 skan koperty"}]},"_links":{"self":[{"href":"https:\/\/library.appyard.uk\/en\/wp-json\/wp\/v2\/archiwum\/4121","targetHints":{"allow":["GET"]}}],"collection":[{"href":"https:\/\/library.appyard.uk\/en\/wp-json\/wp\/v2\/archiwum"}],"about":[{"href":"https:\/\/library.appyard.uk\/en\/wp-json\/wp\/v2\/types\/archiwum"}],"wp:attachment":[{"href":"https:\/\/library.appyard.uk\/en\/wp-json\/wp\/v2\/media?parent=4121"}],"wp:term":[{"taxonomy":"litera","embeddable":true,"href":"https:\/\/library.appyard.uk\/en\/wp-json\/wp\/v2\/litera?post=4121"}],"curies":[{"name":"wp","href":"https:\/\/api.w.org\/{rel}","templated":true}]}}

CLIEF-ĆWIKLIŃSKA von Małgorzata

CLIEF-ĆWIKLIŃSKA von

Małgorzata

CLIEF-ĆWIKLIŃSKA von Małgorzata — skan koperty
