{"id":4001,"date":"2026-08-30T14:41:14","date_gmt":"2026-08-30T14:41:14","guid":{"rendered":"https:\/\/library.appyard.uk\/archiwum\/cieslewicz-roman\/"},"modified":"2026-08-30T14:41:14","modified_gmt":"2026-08-30T14:41:14","slug":"cieslewicz-roman","status":"publish","type":"archiwum","link":"https:\/\/library.appyard.uk\/en\/archiwum\/cieslewicz-roman\/","title":{"rendered":"CIE\u015aLEWICZ Roman"},"template":"","meta":{"_breakdance_hide_in_design_set":false,"_breakdance_tags":""},"litera":[5],"class_list":["post-4001","archiwum","type-archiwum","status-publish","hentry","litera-c"],"meta_box":{"notes":"grafik, malarz, architekt, plakacista","language":"PL","dod":"21.01.1996","pod":"Pary\u017c","cod":"Francja","cem":"Pere-Lachaise, Pary\u017c","lname":"CIE\u015aLEWICZ","fname":"Roman","othernames":"","dob":"13.01.1930","pob":"Lw\u00f3w","cob":"Polska\/ obecnie Ukraina","jobtitle":"grafik","id_native":"977","id_formatted":"C00977","kopert":"","pdf_scan":[{"ID":"5790","name":"c00977_cieslewicz_roman_001.pdf","path":"\/var\/www\/vhosts\/library.appyard.uk\/httpdocs\/wp-content\/uploads\/archiwum\/c00977_cieslewicz_roman_001.pdf","url":"https:\/\/library.appyard.uk\/wp-content\/uploads\/archiwum\/c00977_cieslewicz_roman_001.pdf","title":"CIE\u015aLEWICZ Roman \u2014 skan koperty"}]},"_links":{"self":[{"href":"https:\/\/library.appyard.uk\/en\/wp-json\/wp\/v2\/archiwum\/4001","targetHints":{"allow":["GET"]}}],"collection":[{"href":"https:\/\/library.appyard.uk\/en\/wp-json\/wp\/v2\/archiwum"}],"about":[{"href":"https:\/\/library.appyard.uk\/en\/wp-json\/wp\/v2\/types\/archiwum"}],"wp:attachment":[{"href":"https:\/\/library.appyard.uk\/en\/wp-json\/wp\/v2\/media?parent=4001"}],"wp:term":[{"taxonomy":"litera","embeddable":true,"href":"https:\/\/library.appyard.uk\/en\/wp-json\/wp\/v2\/litera?post=4001"}],"curies":[{"name":"wp","href":"https:\/\/api.w.org\/{rel}","templated":true}]}}

CIEŚLEWICZ Roman

Paryż

Pere-Lachaise, Paryż

CIEŚLEWICZ

Lwów

CIEŚLEWICZ Roman — skan koperty
