{"id":3989,"date":"2026-08-30T14:41:14","date_gmt":"2026-08-30T14:41:14","guid":{"rendered":"https:\/\/library.appyard.uk\/archiwum\/cieslak-stefan-2\/"},"modified":"2026-08-30T14:41:14","modified_gmt":"2026-08-30T14:41:14","slug":"cieslak-stefan-2","status":"publish","type":"archiwum","link":"https:\/\/library.appyard.uk\/en\/archiwum\/cieslak-stefan-2\/","title":{"rendered":"CIE\u015aLAK Stefan"},"template":"","meta":{"_breakdance_hide_in_design_set":false,"_breakdance_tags":""},"litera":[5],"class_list":["post-3989","archiwum","type-archiwum","status-publish","hentry","litera-c"],"meta_box":{"notes":"24 Pu\u0142k U\u0142an\u00f3w","language":"PL","dod":"02.08.2010","pod":"Plas y Bryn, Bontnewydd","cod":"Wielka Brytania","cem":"Pwllheli, cmentarz","lname":"CIE\u015aLAK","fname":"Stefan","othernames":"","dob":"28.06.1920","pob":"Herby","cob":"Polska","jobtitle":"","id_native":"965","id_formatted":"C00965","kopert":"","pdf_scan":[{"ID":"5851","name":"c00965_cieslak_ste2_1_new.pdf","path":"\/var\/www\/vhosts\/library.appyard.uk\/httpdocs\/wp-content\/uploads\/archiwum\/c00965_cieslak_ste2_1_new.pdf","url":"https:\/\/library.appyard.uk\/wp-content\/uploads\/archiwum\/c00965_cieslak_ste2_1_new.pdf","title":"CIE\u015aLAK Stefan \u2014 skan koperty"}]},"_links":{"self":[{"href":"https:\/\/library.appyard.uk\/en\/wp-json\/wp\/v2\/archiwum\/3989","targetHints":{"allow":["GET"]}}],"collection":[{"href":"https:\/\/library.appyard.uk\/en\/wp-json\/wp\/v2\/archiwum"}],"about":[{"href":"https:\/\/library.appyard.uk\/en\/wp-json\/wp\/v2\/types\/archiwum"}],"wp:attachment":[{"href":"https:\/\/library.appyard.uk\/en\/wp-json\/wp\/v2\/media?parent=3989"}],"wp:term":[{"taxonomy":"litera","embeddable":true,"href":"https:\/\/library.appyard.uk\/en\/wp-json\/wp\/v2\/litera?post=3989"}],"curies":[{"name":"wp","href":"https:\/\/api.w.org\/{rel}","templated":true}]}}

CIEŚLAK Stefan

24 Pułk Ułanów

CIEŚLAK

CIEŚLAK Stefan — skan koperty
