{"id":3964,"date":"2026-08-30T14:41:14","date_gmt":"2026-08-30T14:41:14","guid":{"rendered":"https:\/\/library.appyard.uk\/archiwum\/ciesielski-rafal\/"},"modified":"2026-08-30T14:41:14","modified_gmt":"2026-08-30T14:41:14","slug":"ciesielski-rafal","status":"publish","type":"archiwum","link":"https:\/\/library.appyard.uk\/en\/archiwum\/ciesielski-rafal\/","title":{"rendered":"CIESIELSKI Rafa\u0142"},"template":"","meta":{"_breakdance_hide_in_design_set":false,"_breakdance_tags":""},"litera":[5],"class_list":["post-3964","archiwum","type-archiwum","status-publish","hentry","litera-c"],"meta_box":{"notes":"78 lat \u017cycia, wile\u0144ski karmelita bosy, kapelan 7 Pu\u0142ku U\u0142an\u00f3w Lubelskich we W\u0142oszech","language":"PL","dod":"22.05.1989","pod":"Munster, IN","cod":"Stany Zjednoczone","cem":"","lname":"CIESIELSKI","fname":"Rafa\u0142","othernames":"Ojciec Rafa\u0142","dob":"","pob":"","cob":"Polska","jobtitle":"ksi\u0105dz","id_native":"927","id_formatted":"C00927","kopert":"","pdf_scan":[{"ID":"5713","name":"c00927_ciesielski_raf_1_new.pdf","path":"\/var\/www\/vhosts\/library.appyard.uk\/httpdocs\/wp-content\/uploads\/archiwum\/c00927_ciesielski_raf_1_new.pdf","url":"https:\/\/library.appyard.uk\/wp-content\/uploads\/archiwum\/c00927_ciesielski_raf_1_new.pdf","title":"CIESIELSKI Rafa\u0142 \u2014 skan koperty"}]},"_links":{"self":[{"href":"https:\/\/library.appyard.uk\/en\/wp-json\/wp\/v2\/archiwum\/3964","targetHints":{"allow":["GET"]}}],"collection":[{"href":"https:\/\/library.appyard.uk\/en\/wp-json\/wp\/v2\/archiwum"}],"about":[{"href":"https:\/\/library.appyard.uk\/en\/wp-json\/wp\/v2\/types\/archiwum"}],"wp:attachment":[{"href":"https:\/\/library.appyard.uk\/en\/wp-json\/wp\/v2\/media?parent=3964"}],"wp:term":[{"taxonomy":"litera","embeddable":true,"href":"https:\/\/library.appyard.uk\/en\/wp-json\/wp\/v2\/litera?post=3964"}],"curies":[{"name":"wp","href":"https:\/\/api.w.org\/{rel}","templated":true}]}}

CIESIELSKI Rafał

78 lat życia, wileński karmelita bosy, kapelan 7 Pułku Ułanów Lubelskich we Włoszech

Rafał

Ojciec Rafał

ksiądz

CIESIELSKI Rafał — skan koperty
