{"id":3936,"date":"2026-08-30T14:41:14","date_gmt":"2026-08-30T14:41:14","guid":{"rendered":"https:\/\/library.appyard.uk\/archiwum\/cieplik-marian-jozef\/"},"modified":"2026-08-30T14:41:14","modified_gmt":"2026-08-30T14:41:14","slug":"cieplik-marian-jozef","status":"publish","type":"archiwum","link":"https:\/\/library.appyard.uk\/en\/archiwum\/cieplik-marian-jozef\/","title":{"rendered":"CIEPLIK Marian J\u00f3zef"},"template":"","meta":{"_breakdance_hide_in_design_set":false,"_breakdance_tags":""},"litera":[5],"class_list":["post-3936","archiwum","type-archiwum","status-publish","hentry","litera-c"],"meta_box":{"notes":"89 lat \u017cycia, sier\u017c. podchor\u0105\u017cy, obro\u0144ca Lwowa, wyk\u0142adowca w Szko\u0142ach Junak\u00f3w w Barbarze i w Tell el Kabir, Krzy\u017c Zas\u0142ugi","language":"PL","dod":"09.09.1978","pod":"Londyn","cod":"Wielka Brytania","cem":"South Ealing Cemetery","lname":"CIEPLIK","fname":"Marian J\u00f3zef","othernames":"","dob":"","pob":"","cob":"Polska\/ obecnie Ukraina","jobtitle":"","id_native":"898","id_formatted":"C00898","kopert":"","pdf_scan":[{"ID":"5771","name":"c00898_cieplik_mj_1_new.pdf","path":"\/var\/www\/vhosts\/library.appyard.uk\/httpdocs\/wp-content\/uploads\/archiwum\/c00898_cieplik_mj_1_new.pdf","url":"https:\/\/library.appyard.uk\/wp-content\/uploads\/archiwum\/c00898_cieplik_mj_1_new.pdf","title":"CIEPLIK Marian J\u00f3zef \u2014 skan koperty"}]},"_links":{"self":[{"href":"https:\/\/library.appyard.uk\/en\/wp-json\/wp\/v2\/archiwum\/3936","targetHints":{"allow":["GET"]}}],"collection":[{"href":"https:\/\/library.appyard.uk\/en\/wp-json\/wp\/v2\/archiwum"}],"about":[{"href":"https:\/\/library.appyard.uk\/en\/wp-json\/wp\/v2\/types\/archiwum"}],"wp:attachment":[{"href":"https:\/\/library.appyard.uk\/en\/wp-json\/wp\/v2\/media?parent=3936"}],"wp:term":[{"taxonomy":"litera","embeddable":true,"href":"https:\/\/library.appyard.uk\/en\/wp-json\/wp\/v2\/litera?post=3936"}],"curies":[{"name":"wp","href":"https:\/\/api.w.org\/{rel}","templated":true}]}}

CIEPLIK Marian Józef

89 lat życia, sierż. podchorąży, obrońca Lwowa, wykładowca w Szkołach Junaków w Barbarze i w Tell el Kabir, Krzyż Zasługi

Marian Józef

CIEPLIK Marian Józef — skan koperty
