{"id":3915,"date":"2026-08-30T14:41:14","date_gmt":"2026-08-30T14:41:14","guid":{"rendered":"https:\/\/library.appyard.uk\/archiwum\/cienski-wlodzimierz\/"},"modified":"2026-08-30T14:41:14","modified_gmt":"2026-08-30T14:41:14","slug":"cienski-wlodzimierz","status":"publish","type":"archiwum","link":"https:\/\/library.appyard.uk\/en\/archiwum\/cienski-wlodzimierz\/","title":{"rendered":"CIE\u0143SKI W\u0142odzimierz"},"template":"","meta":{"_breakdance_hide_in_design_set":false,"_breakdance_tags":""},"litera":[5],"class_list":["post-3915","archiwum","type-archiwum","status-publish","hentry","litera-c"],"meta_box":{"notes":"kap\u0142an Archidiecezji Lwowskiej, ojciec Cysters (Trapista), naczelny kapelan ZWZ, szef duszpasterstwa 2 Korpusu, Instytut Polskiej Akcji Katolickiej","language":"PL","dod":"20.01.1983","pod":"Bricquebec","cod":"Francja","cem":"","lname":"CIE\u0143SKI","fname":"W\u0142odzimierz","othernames":"","dob":"06.04.1897","pob":"Lw\u00f3w","cob":"Polska\/ obecnie Ukraina","jobtitle":"ksi\u0105dz","id_native":"879","id_formatted":"C00879","kopert":"","pdf_scan":[{"ID":"5695","name":"c00879_cienski_wlo_1_new.pdf","path":"\/var\/www\/vhosts\/library.appyard.uk\/httpdocs\/wp-content\/uploads\/archiwum\/c00879_cienski_wlo_1_new.pdf","url":"https:\/\/library.appyard.uk\/wp-content\/uploads\/archiwum\/c00879_cienski_wlo_1_new.pdf","title":"CIE\u0143SKI W\u0142odzimierz \u2014 skan koperty"}]},"_links":{"self":[{"href":"https:\/\/library.appyard.uk\/en\/wp-json\/wp\/v2\/archiwum\/3915","targetHints":{"allow":["GET"]}}],"collection":[{"href":"https:\/\/library.appyard.uk\/en\/wp-json\/wp\/v2\/archiwum"}],"about":[{"href":"https:\/\/library.appyard.uk\/en\/wp-json\/wp\/v2\/types\/archiwum"}],"wp:attachment":[{"href":"https:\/\/library.appyard.uk\/en\/wp-json\/wp\/v2\/media?parent=3915"}],"wp:term":[{"taxonomy":"litera","embeddable":true,"href":"https:\/\/library.appyard.uk\/en\/wp-json\/wp\/v2\/litera?post=3915"}],"curies":[{"name":"wp","href":"https:\/\/api.w.org\/{rel}","templated":true}]}}

CIEŃSKI Włodzimierz

kapłan Archidiecezji Lwowskiej, ojciec Cysters (Trapista), naczelny kapelan ZWZ, szef duszpasterstwa 2 Korpusu, Instytut Polskiej Akcji Katolickiej

CIEŃSKI

Włodzimierz

Lwów

ksiądz

CIEŃSKI Włodzimierz — skan koperty
