{"id":3773,"date":"2026-08-30T14:41:13","date_gmt":"2026-08-30T14:41:13","guid":{"rendered":"https:\/\/library.appyard.uk\/archiwum\/ciaglo-jan\/"},"modified":"2026-08-30T14:41:13","modified_gmt":"2026-08-30T14:41:13","slug":"ciaglo-jan","status":"publish","type":"archiwum","link":"https:\/\/library.appyard.uk\/en\/archiwum\/ciaglo-jan\/","title":{"rendered":"CI\u0104G\u0141O Jan"},"template":"","meta":{"_breakdance_hide_in_design_set":false,"_breakdance_tags":""},"litera":[5],"class_list":["post-3773","archiwum","type-archiwum","status-publish","hentry","litera-c"],"meta_box":{"notes":"uczestnik obu wojen \u015bwiatowych, Virtuti Militari","language":"PL","dod":"14.08.1983","pod":"Halifax","cod":"Wielka Brytania","cem":"","lname":"CI\u0104G\u0141O","fname":"Jan","othernames":"","dob":"01.12.1893","pob":"Nowy S\u0105cz","cob":"Polska","jobtitle":"","id_native":"748","id_formatted":"C00748","kopert":"","pdf_scan":[{"ID":"5964","name":"c00748_ciaglo_jan_1_new.pdf","path":"\/var\/www\/vhosts\/library.appyard.uk\/httpdocs\/wp-content\/uploads\/archiwum\/c00748_ciaglo_jan_1_new.pdf","url":"https:\/\/library.appyard.uk\/wp-content\/uploads\/archiwum\/c00748_ciaglo_jan_1_new.pdf","title":"CI\u0104G\u0141O Jan \u2014 skan koperty"}]},"_links":{"self":[{"href":"https:\/\/library.appyard.uk\/en\/wp-json\/wp\/v2\/archiwum\/3773","targetHints":{"allow":["GET"]}}],"collection":[{"href":"https:\/\/library.appyard.uk\/en\/wp-json\/wp\/v2\/archiwum"}],"about":[{"href":"https:\/\/library.appyard.uk\/en\/wp-json\/wp\/v2\/types\/archiwum"}],"wp:attachment":[{"href":"https:\/\/library.appyard.uk\/en\/wp-json\/wp\/v2\/media?parent=3773"}],"wp:term":[{"taxonomy":"litera","embeddable":true,"href":"https:\/\/library.appyard.uk\/en\/wp-json\/wp\/v2\/litera?post=3773"}],"curies":[{"name":"wp","href":"https:\/\/api.w.org\/{rel}","templated":true}]}}

CIĄGŁO Jan

uczestnik obu wojen światowych, Virtuti Militari

CIĄGŁO

Nowy Sącz

CIĄGŁO Jan — skan koperty
