{"id":3684,"date":"2026-08-30T14:41:13","date_gmt":"2026-08-30T14:41:13","guid":{"rendered":"https:\/\/library.appyard.uk\/archiwum\/chudzicki-jozef-boleslaw\/"},"modified":"2026-08-30T14:41:13","modified_gmt":"2026-08-30T14:41:13","slug":"chudzicki-jozef-boleslaw","status":"publish","type":"archiwum","link":"https:\/\/library.appyard.uk\/en\/archiwum\/chudzicki-jozef-boleslaw\/","title":{"rendered":"CHUDZICKI J\u00f3zef Boles\u0142aw"},"template":"","meta":{"_breakdance_hide_in_design_set":false,"_breakdance_tags":""},"litera":[5],"class_list":["post-3684","archiwum","type-archiwum","status-publish","hentry","litera-c"],"meta_box":{"notes":"porucznik rezerwy WP, kampania wrze\u015bniowa i francuska, oficer o\u015bwiaty przy 1 Korpusie, Krzy\u017c Walecznych, Krzy\u017c Zas\u0142ugi...","language":"PL","dod":"20.10.1973","pod":"Hillingdon","cod":"Wielka Brytania","cem":"Hillingdon Cemetery","lname":"CHUDZICKI","fname":"J\u00f3zef Boles\u0142aw","othernames":"","dob":"05.04.1912","pob":"Czortk\u00f3w","cob":"Polska\/ obecnie Ukraina","jobtitle":"","id_native":"657","id_formatted":"C00657","kopert":"","pdf_scan":[{"ID":"6049","name":"c00657_chudzicki_jb_1_new.pdf","path":"\/var\/www\/vhosts\/library.appyard.uk\/httpdocs\/wp-content\/uploads\/archiwum\/c00657_chudzicki_jb_1_new.pdf","url":"https:\/\/library.appyard.uk\/wp-content\/uploads\/archiwum\/c00657_chudzicki_jb_1_new.pdf","title":"CHUDZICKI J\u00f3zef Boles\u0142aw \u2014 skan koperty"}]},"_links":{"self":[{"href":"https:\/\/library.appyard.uk\/en\/wp-json\/wp\/v2\/archiwum\/3684","targetHints":{"allow":["GET"]}}],"collection":[{"href":"https:\/\/library.appyard.uk\/en\/wp-json\/wp\/v2\/archiwum"}],"about":[{"href":"https:\/\/library.appyard.uk\/en\/wp-json\/wp\/v2\/types\/archiwum"}],"wp:attachment":[{"href":"https:\/\/library.appyard.uk\/en\/wp-json\/wp\/v2\/media?parent=3684"}],"wp:term":[{"taxonomy":"litera","embeddable":true,"href":"https:\/\/library.appyard.uk\/en\/wp-json\/wp\/v2\/litera?post=3684"}],"curies":[{"name":"wp","href":"https:\/\/api.w.org\/{rel}","templated":true}]}}

CHUDZICKI Józef Bolesław

porucznik rezerwy WP, kampania wrześniowa i francuska, oficer oświaty przy 1 Korpusie, Krzyż Walecznych, Krzyż Zasługi...

Józef Bolesław

Czortków

CHUDZICKI Józef Bolesław — skan koperty
