{"id":3617,"date":"2026-08-30T14:41:13","date_gmt":"2026-08-30T14:41:13","guid":{"rendered":"https:\/\/library.appyard.uk\/archiwum\/chrusciel-antoni\/"},"modified":"2026-08-30T14:41:13","modified_gmt":"2026-08-30T14:41:13","slug":"chrusciel-antoni","status":"publish","type":"archiwum","link":"https:\/\/library.appyard.uk\/en\/archiwum\/chrusciel-antoni\/","title":{"rendered":"CHRU\u015aCIEL Antoni"},"template":"","meta":{"_breakdance_hide_in_design_set":false,"_breakdance_tags":""},"litera":[5],"class_list":["post-3617","archiwum","type-archiwum","status-publish","hentry","litera-c"],"meta_box":{"notes":"genera\u0142 brygady, komendant Okr\u0119gu Warszawskiego AK, Virtuti Militari, Krzy\u017c Walecznych...","language":"PL","dod":"30.11.1960","pod":"Washington","cod":"Stany Zjednoczone","cem":"Mt. Olivet Cemetery","lname":"CHRU\u015aCIEL","fname":"Antoni","othernames":"pseud. MONTER","dob":"16.06.1895","pob":"Gniewczyna \u0141a\u0144cucka","cob":"Polska","jobtitle":"\u017co\u0142nierz dyplomowany","id_native":"597","id_formatted":"C00597","kopert":"","pdf_scan":[{"ID":"6006","name":"c00597_chrusciel_ant_1_new.pdf","path":"\/var\/www\/vhosts\/library.appyard.uk\/httpdocs\/wp-content\/uploads\/archiwum\/c00597_chrusciel_ant_1_new.pdf","url":"https:\/\/library.appyard.uk\/wp-content\/uploads\/archiwum\/c00597_chrusciel_ant_1_new.pdf","title":"CHRU\u015aCIEL Antoni \u2014 skan koperty"}]},"_links":{"self":[{"href":"https:\/\/library.appyard.uk\/en\/wp-json\/wp\/v2\/archiwum\/3617","targetHints":{"allow":["GET"]}}],"collection":[{"href":"https:\/\/library.appyard.uk\/en\/wp-json\/wp\/v2\/archiwum"}],"about":[{"href":"https:\/\/library.appyard.uk\/en\/wp-json\/wp\/v2\/types\/archiwum"}],"wp:attachment":[{"href":"https:\/\/library.appyard.uk\/en\/wp-json\/wp\/v2\/media?parent=3617"}],"wp:term":[{"taxonomy":"litera","embeddable":true,"href":"https:\/\/library.appyard.uk\/en\/wp-json\/wp\/v2\/litera?post=3617"}],"curies":[{"name":"wp","href":"https:\/\/api.w.org\/{rel}","templated":true}]}}

CHRUŚCIEL Antoni

generał brygady, komendant Okręgu Warszawskiego AK, Virtuti Militari, Krzyż Walecznych...

CHRUŚCIEL

Gniewczyna Łańcucka

żołnierz dyplomowany

CHRUŚCIEL Antoni — skan koperty
