{"id":3545,"date":"2026-08-30T14:41:11","date_gmt":"2026-08-30T14:41:11","guid":{"rendered":"https:\/\/library.appyard.uk\/archiwum\/chotard-halina\/"},"modified":"2026-08-30T14:41:11","modified_gmt":"2026-08-30T14:41:11","slug":"chotard-halina","status":"publish","type":"archiwum","link":"https:\/\/library.appyard.uk\/en\/archiwum\/chotard-halina\/","title":{"rendered":"CHOTARD Halina"},"template":"","meta":{"_breakdance_hide_in_design_set":false,"_breakdance_tags":""},"litera":[5],"class_list":["post-3545","archiwum","type-archiwum","status-publish","hentry","litera-c"],"meta_box":{"notes":"kapitan AK, Powstanie Warszawskie, stalag Oberlangen, Krzy\u017c Walecznych, Krzy\u017c Zas\u0142ugi, \u017co\u0142nierz NOW","language":"PL","dod":"08.02.1996","pod":"Verdelais","cod":"Francja","cem":"Verdelais, cmentarz","lname":"CHOTARD","fname":"Halina","othernames":"z domu JAB\u0141O\u0143SKA, primo voto TER-OGANIAN, pseud. Barbara, Basia, Danuta, Danusia, \"100\"","dob":"12.12.1915","pob":"Cz\u0119stochowa","cob":"Polska","jobtitle":"","id_native":"520","id_formatted":"C00520","kopert":"","pdf_scan":[{"ID":"6113","name":"c00520_chotard_hal_1_new.pdf","path":"\/var\/www\/vhosts\/library.appyard.uk\/httpdocs\/wp-content\/uploads\/archiwum\/c00520_chotard_hal_1_new.pdf","url":"https:\/\/library.appyard.uk\/wp-content\/uploads\/archiwum\/c00520_chotard_hal_1_new.pdf","title":"CHOTARD Halina \u2014 skan koperty"}]},"_links":{"self":[{"href":"https:\/\/library.appyard.uk\/en\/wp-json\/wp\/v2\/archiwum\/3545","targetHints":{"allow":["GET"]}}],"collection":[{"href":"https:\/\/library.appyard.uk\/en\/wp-json\/wp\/v2\/archiwum"}],"about":[{"href":"https:\/\/library.appyard.uk\/en\/wp-json\/wp\/v2\/types\/archiwum"}],"wp:attachment":[{"href":"https:\/\/library.appyard.uk\/en\/wp-json\/wp\/v2\/media?parent=3545"}],"wp:term":[{"taxonomy":"litera","embeddable":true,"href":"https:\/\/library.appyard.uk\/en\/wp-json\/wp\/v2\/litera?post=3545"}],"curies":[{"name":"wp","href":"https:\/\/api.w.org\/{rel}","templated":true}]}}

kapitan AK, Powstanie Warszawskie, stalag Oberlangen, Krzyż Walecznych, Krzyż Zasługi, żołnierz NOW

z domu JABŁOŃSKA, primo voto TER-OGANIAN, pseud. Barbara, Basia, Danuta, Danusia, "100"

Częstochowa
