{"id":3498,"date":"2026-08-30T14:41:11","date_gmt":"2026-08-30T14:41:11","guid":{"rendered":"https:\/\/library.appyard.uk\/archiwum\/chomicki-pobog-adolf\/"},"modified":"2026-08-30T14:41:11","modified_gmt":"2026-08-30T14:41:11","slug":"chomicki-pobog-adolf","status":"publish","type":"archiwum","link":"https:\/\/library.appyard.uk\/en\/archiwum\/chomicki-pobog-adolf\/","title":{"rendered":"CHOMICKI-POB\u00d3G Adolf"},"template":"","meta":{"_breakdance_hide_in_design_set":false,"_breakdance_tags":""},"litera":[5],"class_list":["post-3498","archiwum","type-archiwum","status-publish","hentry","litera-c"],"meta_box":{"notes":"42 lata \u017cycia, porucznik saper\u00f3w 2 Korpusu, Virtuti Militari, Krzy\u017c Walecznych","language":"PL","dod":"09.12.1955","pod":"","cod":"Argentyna","cem":"Chacarita Cemetery, Buenos Aires","lname":"CHOMICKI-POB\u00d3G","fname":"Adolf","othernames":"Adolf POB\u00d3G-CHOMICKI","dob":"","pob":"","cob":"Polska","jobtitle":"","id_native":"473","id_formatted":"C00473","kopert":"","pdf_scan":[{"ID":"6120","name":"c00473_chomicki-p_ado_1_new.pdf","path":"\/var\/www\/vhosts\/library.appyard.uk\/httpdocs\/wp-content\/uploads\/archiwum\/c00473_chomicki-p_ado_1_new.pdf","url":"https:\/\/library.appyard.uk\/wp-content\/uploads\/archiwum\/c00473_chomicki-p_ado_1_new.pdf","title":"CHOMICKI-POB\u00d3G Adolf \u2014 skan koperty"}]},"_links":{"self":[{"href":"https:\/\/library.appyard.uk\/en\/wp-json\/wp\/v2\/archiwum\/3498","targetHints":{"allow":["GET"]}}],"collection":[{"href":"https:\/\/library.appyard.uk\/en\/wp-json\/wp\/v2\/archiwum"}],"about":[{"href":"https:\/\/library.appyard.uk\/en\/wp-json\/wp\/v2\/types\/archiwum"}],"wp:attachment":[{"href":"https:\/\/library.appyard.uk\/en\/wp-json\/wp\/v2\/media?parent=3498"}],"wp:term":[{"taxonomy":"litera","embeddable":true,"href":"https:\/\/library.appyard.uk\/en\/wp-json\/wp\/v2\/litera?post=3498"}],"curies":[{"name":"wp","href":"https:\/\/api.w.org\/{rel}","templated":true}]}}

CHOMICKI-POBÓG Adolf

42 lata życia, porucznik saperów 2 Korpusu, Virtuti Militari, Krzyż Walecznych

CHOMICKI-POBÓG

Adolf POBÓG-CHOMICKI

CHOMICKI-POBÓG Adolf — skan koperty
