{"id":3497,"date":"2026-08-30T14:41:11","date_gmt":"2026-08-30T14:41:11","guid":{"rendered":"https:\/\/library.appyard.uk\/archiwum\/chomicka-backus-katarzyna\/"},"modified":"2026-08-30T14:41:11","modified_gmt":"2026-08-30T14:41:11","slug":"chomicka-backus-katarzyna","status":"publish","type":"archiwum","link":"https:\/\/library.appyard.uk\/en\/archiwum\/chomicka-backus-katarzyna\/","title":{"rendered":"CHOMICKA-BACKUS Katarzyna"},"template":"","meta":{"_breakdance_hide_in_design_set":false,"_breakdance_tags":""},"litera":[5],"class_list":["post-3497","archiwum","type-archiwum","status-publish","hentry","litera-c"],"meta_box":{"notes":"109 lat \u017cycia, w St. Zjedn. Od 1904 r, Krzy\u017c Zas\u0142ugi","language":"PL","dod":"31.03.1996","pod":"Nowy Jork","cod":"Stany Zjednoczone","cem":"St. Michael Cemetery, South Hackensack","lname":"CHOMICKA-BACKUS","fname":"Katarzyna","othernames":"z domu S\u0104SIADEK","dob":"","pob":"","cob":"Polska","jobtitle":"dzia\u0142acz spo\u0142eczny","id_native":"472","id_formatted":"C00472","kopert":"","pdf_scan":[{"ID":"6110","name":"c00472_chomicka-b_kat_1_new.pdf","path":"\/var\/www\/vhosts\/library.appyard.uk\/httpdocs\/wp-content\/uploads\/archiwum\/c00472_chomicka-b_kat_1_new.pdf","url":"https:\/\/library.appyard.uk\/wp-content\/uploads\/archiwum\/c00472_chomicka-b_kat_1_new.pdf","title":"CHOMICKA-BACKUS Katarzyna \u2014 skan koperty"}]},"_links":{"self":[{"href":"https:\/\/library.appyard.uk\/en\/wp-json\/wp\/v2\/archiwum\/3497","targetHints":{"allow":["GET"]}}],"collection":[{"href":"https:\/\/library.appyard.uk\/en\/wp-json\/wp\/v2\/archiwum"}],"about":[{"href":"https:\/\/library.appyard.uk\/en\/wp-json\/wp\/v2\/types\/archiwum"}],"wp:attachment":[{"href":"https:\/\/library.appyard.uk\/en\/wp-json\/wp\/v2\/media?parent=3497"}],"wp:term":[{"taxonomy":"litera","embeddable":true,"href":"https:\/\/library.appyard.uk\/en\/wp-json\/wp\/v2\/litera?post=3497"}],"curies":[{"name":"wp","href":"https:\/\/api.w.org\/{rel}","templated":true}]}}

109 lat życia, w St. Zjedn. Od 1904 r, Krzyż Zasługi

z domu SĄSIADEK

działacz społeczny
