{"id":3465,"date":"2026-08-30T14:41:11","date_gmt":"2026-08-30T14:41:11","guid":{"rendered":"https:\/\/library.appyard.uk\/archiwum\/chojnacki-stefan\/"},"modified":"2026-08-30T14:41:11","modified_gmt":"2026-08-30T14:41:11","slug":"chojnacki-stefan","status":"publish","type":"archiwum","link":"https:\/\/library.appyard.uk\/en\/archiwum\/chojnacki-stefan\/","title":{"rendered":"CHOJNACKI Stefan"},"template":"","meta":{"_breakdance_hide_in_design_set":false,"_breakdance_tags":""},"litera":[5],"class_list":["post-3465","archiwum","type-archiwum","status-publish","hentry","litera-c"],"meta_box":{"notes":"M.I.C., 58 lat \u017cycia, w latach 1964-1967 duszpasterz polski na Po\u0142udniow\u0105 Wali\u0119","language":"PL","dod":"18.10.1973","pod":"","cod":"Polska","cem":"","lname":"CHOJNACKI","fname":"Stefan","othernames":"","dob":"","pob":"","cob":"Polska","jobtitle":"ksi\u0105dz","id_native":"438","id_formatted":"C00438","kopert":"","pdf_scan":[{"ID":"6108","name":"c00438_chojnacki_ste_1_new.pdf","path":"\/var\/www\/vhosts\/library.appyard.uk\/httpdocs\/wp-content\/uploads\/archiwum\/c00438_chojnacki_ste_1_new.pdf","url":"https:\/\/library.appyard.uk\/wp-content\/uploads\/archiwum\/c00438_chojnacki_ste_1_new.pdf","title":"CHOJNACKI Stefan \u2014 skan koperty"}]},"_links":{"self":[{"href":"https:\/\/library.appyard.uk\/en\/wp-json\/wp\/v2\/archiwum\/3465","targetHints":{"allow":["GET"]}}],"collection":[{"href":"https:\/\/library.appyard.uk\/en\/wp-json\/wp\/v2\/archiwum"}],"about":[{"href":"https:\/\/library.appyard.uk\/en\/wp-json\/wp\/v2\/types\/archiwum"}],"wp:attachment":[{"href":"https:\/\/library.appyard.uk\/en\/wp-json\/wp\/v2\/media?parent=3465"}],"wp:term":[{"taxonomy":"litera","embeddable":true,"href":"https:\/\/library.appyard.uk\/en\/wp-json\/wp\/v2\/litera?post=3465"}],"curies":[{"name":"wp","href":"https:\/\/api.w.org\/{rel}","templated":true}]}}

M.I.C., 58 lat życia, w latach 1964-1967 duszpasterz polski na Południową Walię

ksiądz
