{"id":3452,"date":"2026-08-30T14:41:11","date_gmt":"2026-08-30T14:41:11","guid":{"rendered":"https:\/\/library.appyard.uk\/archiwum\/chojnacka-elzbieta\/"},"modified":"2026-08-30T14:41:11","modified_gmt":"2026-08-30T14:41:11","slug":"chojnacka-elzbieta","status":"publish","type":"archiwum","link":"https:\/\/library.appyard.uk\/en\/archiwum\/chojnacka-elzbieta\/","title":{"rendered":"CHOJNACKA El\u017cbieta"},"template":"","meta":{"_breakdance_hide_in_design_set":false,"_breakdance_tags":""},"litera":[5],"class_list":["post-3452","archiwum","type-archiwum","status-publish","hentry","litera-c"],"meta_box":{"notes":"klawesynistka, studiowa\u0142a w Warszawie i Pary\u017cu, Order Legii Honorowej, profesor Mozarteum w Salzburgu","language":"PL","dod":"28.05.2017","pod":"Pary\u017c","cod":"Francja","cem":"Pere-Lachaise, Pary\u017c","lname":"CHOJNACKA","fname":"El\u017cbieta","othernames":"","dob":"10.09.1939","pob":"Warszawa","cob":"Polska","jobtitle":"muzyk","id_native":"425","id_formatted":"C00425","kopert":"","pdf_scan":[{"ID":"6137","name":"c00425_chojnacka_elz_1_new.pdf","path":"\/var\/www\/vhosts\/library.appyard.uk\/httpdocs\/wp-content\/uploads\/archiwum\/c00425_chojnacka_elz_1_new.pdf","url":"https:\/\/library.appyard.uk\/wp-content\/uploads\/archiwum\/c00425_chojnacka_elz_1_new.pdf","title":"CHOJNACKA El\u017cbieta \u2014 skan koperty"}]},"_links":{"self":[{"href":"https:\/\/library.appyard.uk\/en\/wp-json\/wp\/v2\/archiwum\/3452","targetHints":{"allow":["GET"]}}],"collection":[{"href":"https:\/\/library.appyard.uk\/en\/wp-json\/wp\/v2\/archiwum"}],"about":[{"href":"https:\/\/library.appyard.uk\/en\/wp-json\/wp\/v2\/types\/archiwum"}],"wp:attachment":[{"href":"https:\/\/library.appyard.uk\/en\/wp-json\/wp\/v2\/media?parent=3452"}],"wp:term":[{"taxonomy":"litera","embeddable":true,"href":"https:\/\/library.appyard.uk\/en\/wp-json\/wp\/v2\/litera?post=3452"}],"curies":[{"name":"wp","href":"https:\/\/api.w.org\/{rel}","templated":true}]}}

CHOJNACKA Elżbieta

klawesynistka, studiowała w Warszawie i Paryżu, Order Legii Honorowej, profesor Mozarteum w Salzburgu

Paryż

Pere-Lachaise, Paryż

Elżbieta

CHOJNACKA Elżbieta — skan koperty
