{"id":3316,"date":"2026-08-30T14:41:10","date_gmt":"2026-08-30T14:41:10","guid":{"rendered":"https:\/\/library.appyard.uk\/archiwum\/chmiel-marian-jozef\/"},"modified":"2026-08-30T14:41:10","modified_gmt":"2026-08-30T14:41:10","slug":"chmiel-marian-jozef","status":"publish","type":"archiwum","link":"https:\/\/library.appyard.uk\/en\/archiwum\/chmiel-marian-jozef\/","title":{"rendered":"CHMIEL Marian J\u00f3zef"},"template":"","meta":{"_breakdance_hide_in_design_set":false,"_breakdance_tags":""},"litera":[5],"class_list":["post-3316","archiwum","type-archiwum","status-publish","hentry","litera-c"],"meta_box":{"notes":"major, 2 Dywizja Strzelc\u00f3w Pieszych, Krzy\u017c Zas\u0142ugi, internowanie Szwajcaria, ucieczka","language":"PL","dod":"11.04.1992","pod":"Londyn","cod":"Wielka Brytania","cem":"","lname":"CHMIEL","fname":"Marian J\u00f3zef","othernames":"","dob":"","pob":"","cob":"Polska","jobtitle":"\u017co\u0142nierz dyplomowany","id_native":"288","id_formatted":"C00288","kopert":"","pdf_scan":[{"ID":"6462","name":"c00288_chmiel_mj_1_new.pdf","path":"\/var\/www\/vhosts\/library.appyard.uk\/httpdocs\/wp-content\/uploads\/archiwum\/c00288_chmiel_mj_1_new.pdf","url":"https:\/\/library.appyard.uk\/wp-content\/uploads\/archiwum\/c00288_chmiel_mj_1_new.pdf","title":"CHMIEL Marian J\u00f3zef \u2014 skan koperty"}]},"_links":{"self":[{"href":"https:\/\/library.appyard.uk\/en\/wp-json\/wp\/v2\/archiwum\/3316","targetHints":{"allow":["GET"]}}],"collection":[{"href":"https:\/\/library.appyard.uk\/en\/wp-json\/wp\/v2\/archiwum"}],"about":[{"href":"https:\/\/library.appyard.uk\/en\/wp-json\/wp\/v2\/types\/archiwum"}],"wp:attachment":[{"href":"https:\/\/library.appyard.uk\/en\/wp-json\/wp\/v2\/media?parent=3316"}],"wp:term":[{"taxonomy":"litera","embeddable":true,"href":"https:\/\/library.appyard.uk\/en\/wp-json\/wp\/v2\/litera?post=3316"}],"curies":[{"name":"wp","href":"https:\/\/api.w.org\/{rel}","templated":true}]}}

CHMIEL Marian Józef

major, 2 Dywizja Strzelców Pieszych, Krzyż Zasługi, internowanie Szwajcaria, ucieczka

Marian Józef

żołnierz dyplomowany

CHMIEL Marian Józef — skan koperty
