{"id":3283,"date":"2026-08-30T14:41:10","date_gmt":"2026-08-30T14:41:10","guid":{"rendered":"https:\/\/library.appyard.uk\/archiwum\/chlebnikow-konstanty\/"},"modified":"2026-08-30T14:41:10","modified_gmt":"2026-08-30T14:41:10","slug":"chlebnikow-konstanty","status":"publish","type":"archiwum","link":"https:\/\/library.appyard.uk\/en\/archiwum\/chlebnikow-konstanty\/","title":{"rendered":"CHLEBNIKOW Konstanty"},"template":"","meta":{"_breakdance_hide_in_design_set":false,"_breakdance_tags":""},"litera":[5],"class_list":["post-3283","archiwum","type-archiwum","status-publish","hentry","litera-c"],"meta_box":{"notes":"\u017co\u0142nierz 2 Korpusu, Stowarzyszenie Rzemie\u015blnik\u00f3w i Pracownik\u00f3w Polskich w Argentynie","language":"PL","dod":"10.06.1955","pod":"","cod":"Argentyna","cem":"Avellaneda, cmentarz","lname":"CHLEBNIKOW","fname":"Konstanty","othernames":"","dob":"","pob":"","cob":"","jobtitle":"","id_native":"246","id_formatted":"C00246","kopert":"","pdf_scan":[{"ID":"6436","name":"c00246_chlebnikow_kon_1_new.pdf","path":"\/var\/www\/vhosts\/library.appyard.uk\/httpdocs\/wp-content\/uploads\/archiwum\/c00246_chlebnikow_kon_1_new.pdf","url":"https:\/\/library.appyard.uk\/wp-content\/uploads\/archiwum\/c00246_chlebnikow_kon_1_new.pdf","title":"CHLEBNIKOW Konstanty \u2014 skan koperty"}]},"_links":{"self":[{"href":"https:\/\/library.appyard.uk\/en\/wp-json\/wp\/v2\/archiwum\/3283","targetHints":{"allow":["GET"]}}],"collection":[{"href":"https:\/\/library.appyard.uk\/en\/wp-json\/wp\/v2\/archiwum"}],"about":[{"href":"https:\/\/library.appyard.uk\/en\/wp-json\/wp\/v2\/types\/archiwum"}],"wp:attachment":[{"href":"https:\/\/library.appyard.uk\/en\/wp-json\/wp\/v2\/media?parent=3283"}],"wp:term":[{"taxonomy":"litera","embeddable":true,"href":"https:\/\/library.appyard.uk\/en\/wp-json\/wp\/v2\/litera?post=3283"}],"curies":[{"name":"wp","href":"https:\/\/api.w.org\/{rel}","templated":true}]}}

żołnierz 2 Korpusu, Stowarzyszenie Rzemieślników i Pracowników Polskich w Argentynie
