{"id":3001,"date":"2026-08-30T14:41:07","date_gmt":"2026-08-30T14:41:07","guid":{"rendered":"https:\/\/library.appyard.uk\/archiwum\/blazejewicz-konstanty\/"},"modified":"2026-08-30T14:41:07","modified_gmt":"2026-08-30T14:41:07","slug":"blazejewicz-konstanty","status":"publish","type":"archiwum","link":"https:\/\/library.appyard.uk\/en\/archiwum\/blazejewicz-konstanty\/","title":{"rendered":"B\u0141A\u017bEJEWICZ Konstanty"},"template":"","meta":{"_breakdance_hide_in_design_set":false,"_breakdance_tags":""},"litera":[4],"class_list":["post-3001","archiwum","type-archiwum","status-publish","hentry","litera-b"],"meta_box":{"notes":"sybirak, by\u0142y \u017co\u0142nierz 3. Dywizji Strzelc\u00f3w Karpackich","language":"PL","dod":"18.03.2012","pod":"Londyn","cod":"Wielka Brytania","cem":"","lname":"B\u0141A\u017bEJEWICZ","fname":"Konstanty","othernames":"","dob":"01.08,1923","pob":"Maciej\u00f3w, powiat \u015awi\u0119ciany","cob":"Polska","jobtitle":"","id_native":"1026","id_formatted":"B01026","kopert":"","pdf_scan":[{"ID":"6911","name":"b01026_b\u0142a\u017cejewicz_konstanty.pdf","path":"\/var\/www\/vhosts\/library.appyard.uk\/httpdocs\/wp-content\/uploads\/archiwum\/b01026_b\u0142a\u017cejewicz_konstanty.pdf","url":"https:\/\/library.appyard.uk\/wp-content\/uploads\/archiwum\/b01026_b\u0142a\u017cejewicz_konstanty.pdf","title":"B\u0141A\u017bEJEWICZ Konstanty \u2014 skan koperty"}]},"_links":{"self":[{"href":"https:\/\/library.appyard.uk\/en\/wp-json\/wp\/v2\/archiwum\/3001","targetHints":{"allow":["GET"]}}],"collection":[{"href":"https:\/\/library.appyard.uk\/en\/wp-json\/wp\/v2\/archiwum"}],"about":[{"href":"https:\/\/library.appyard.uk\/en\/wp-json\/wp\/v2\/types\/archiwum"}],"wp:attachment":[{"href":"https:\/\/library.appyard.uk\/en\/wp-json\/wp\/v2\/media?parent=3001"}],"wp:term":[{"taxonomy":"litera","embeddable":true,"href":"https:\/\/library.appyard.uk\/en\/wp-json\/wp\/v2\/litera?post=3001"}],"curies":[{"name":"wp","href":"https:\/\/api.w.org\/{rel}","templated":true}]}}

BŁAŻEJEWICZ Konstanty

sybirak, były żołnierz 3. Dywizji Strzelców Karpackich

BŁAŻEJEWICZ

Maciejów, powiat Święciany

b01026_błażejewicz_konstanty.pdf

/var/www/vhosts/library.appyard.uk/httpdocs/wp-content/uploads/archiwum/b01026_błażejewicz_konstanty.pdf

https://library.appyard.uk/wp-content/uploads/archiwum/b01026_błażejewicz_konstanty.pdf

BŁAŻEJEWICZ Konstanty — skan koperty
