{"id":2983,"date":"2026-08-30T14:41:07","date_gmt":"2026-08-30T14:41:07","guid":{"rendered":"https:\/\/library.appyard.uk\/archiwum\/blaszkiewicz-tadeusz\/"},"modified":"2026-08-30T14:41:07","modified_gmt":"2026-08-30T14:41:07","slug":"blaszkiewicz-tadeusz","status":"publish","type":"archiwum","link":"https:\/\/library.appyard.uk\/en\/archiwum\/blaszkiewicz-tadeusz\/","title":{"rendered":"B\u0141ASZKIEWICZ Tadeusz"},"template":"","meta":{"_breakdance_hide_in_design_set":false,"_breakdance_tags":""},"litera":[4],"class_list":["post-2983","archiwum","type-archiwum","status-publish","hentry","litera-b"],"meta_box":{"notes":"Polskie S\u0142u\u017cby Zagraniczne, by\u0142y konsul generalny w Moskwie","language":"PL","dod":"06.01.1964","pod":"Creteil-Cit\u00e9-Mont Mesly","cod":"Francja","cem":"miejscowy cmentarz","lname":"B\u0141ASZKIEWICZ","fname":"Tadeusz","othernames":"","dob":"04.10.1882","pob":"","cob":"","jobtitle":"dyplomata","id_native":"1006","id_formatted":"B01006","kopert":"","pdf_scan":[{"ID":"6876","name":"b01006_b\u0142aszkiewicz_tadeusz.pdf","path":"\/var\/www\/vhosts\/library.appyard.uk\/httpdocs\/wp-content\/uploads\/archiwum\/b01006_b\u0142aszkiewicz_tadeusz.pdf","url":"https:\/\/library.appyard.uk\/wp-content\/uploads\/archiwum\/b01006_b\u0142aszkiewicz_tadeusz.pdf","title":"B\u0141ASZKIEWICZ Tadeusz \u2014 skan koperty"}]},"_links":{"self":[{"href":"https:\/\/library.appyard.uk\/en\/wp-json\/wp\/v2\/archiwum\/2983","targetHints":{"allow":["GET"]}}],"collection":[{"href":"https:\/\/library.appyard.uk\/en\/wp-json\/wp\/v2\/archiwum"}],"about":[{"href":"https:\/\/library.appyard.uk\/en\/wp-json\/wp\/v2\/types\/archiwum"}],"wp:attachment":[{"href":"https:\/\/library.appyard.uk\/en\/wp-json\/wp\/v2\/media?parent=2983"}],"wp:term":[{"taxonomy":"litera","embeddable":true,"href":"https:\/\/library.appyard.uk\/en\/wp-json\/wp\/v2\/litera?post=2983"}],"curies":[{"name":"wp","href":"https:\/\/api.w.org\/{rel}","templated":true}]}}

BŁASZKIEWICZ Tadeusz

Polskie Służby Zagraniczne, były konsul generalny w Moskwie

Creteil-Cité-Mont Mesly

BŁASZKIEWICZ

b01006_błaszkiewicz_tadeusz.pdf

/var/www/vhosts/library.appyard.uk/httpdocs/wp-content/uploads/archiwum/b01006_błaszkiewicz_tadeusz.pdf

https://library.appyard.uk/wp-content/uploads/archiwum/b01006_błaszkiewicz_tadeusz.pdf

BŁASZKIEWICZ Tadeusz — skan koperty
