{"id":2973,"date":"2026-08-30T14:41:07","date_gmt":"2026-08-30T14:41:07","guid":{"rendered":"https:\/\/library.appyard.uk\/archiwum\/blaszczyk-czeslaw\/"},"modified":"2026-08-30T14:41:07","modified_gmt":"2026-08-30T14:41:07","slug":"blaszczyk-czeslaw","status":"publish","type":"archiwum","link":"https:\/\/library.appyard.uk\/en\/archiwum\/blaszczyk-czeslaw\/","title":{"rendered":"B\u0141ASZCZYK Czes\u0142aw"},"template":"","meta":{"_breakdance_hide_in_design_set":false,"_breakdance_tags":""},"litera":[4],"class_list":["post-2973","archiwum","type-archiwum","status-publish","hentry","litera-b"],"meta_box":{"notes":"oficer Wojska Polskiego, cichociemny","language":"PL","dod":"03.02.1981","pod":"Falkirk, Szkocja","cod":"Wielka Brytania","cem":"","lname":"B\u0141ASZCZYK","fname":"Czes\u0142aw","othernames":"TAYLOR ALAN","dob":"1907","pob":"","cob":"","jobtitle":"in\u017cynier le\u015bnik","id_native":"996","id_formatted":"B00996","kopert":"","pdf_scan":[{"ID":"6712","name":"b00996_b\u0142aszczyk_czes\u0142aw.pdf","path":"\/var\/www\/vhosts\/library.appyard.uk\/httpdocs\/wp-content\/uploads\/archiwum\/b00996_b\u0142aszczyk_czes\u0142aw.pdf","url":"https:\/\/library.appyard.uk\/wp-content\/uploads\/archiwum\/b00996_b\u0142aszczyk_czes\u0142aw.pdf","title":"B\u0141ASZCZYK Czes\u0142aw \u2014 skan koperty"}]},"_links":{"self":[{"href":"https:\/\/library.appyard.uk\/en\/wp-json\/wp\/v2\/archiwum\/2973","targetHints":{"allow":["GET"]}}],"collection":[{"href":"https:\/\/library.appyard.uk\/en\/wp-json\/wp\/v2\/archiwum"}],"about":[{"href":"https:\/\/library.appyard.uk\/en\/wp-json\/wp\/v2\/types\/archiwum"}],"wp:attachment":[{"href":"https:\/\/library.appyard.uk\/en\/wp-json\/wp\/v2\/media?parent=2973"}],"wp:term":[{"taxonomy":"litera","embeddable":true,"href":"https:\/\/library.appyard.uk\/en\/wp-json\/wp\/v2\/litera?post=2973"}],"curies":[{"name":"wp","href":"https:\/\/api.w.org\/{rel}","templated":true}]}}

BŁASZCZYK Czesław

BŁASZCZYK

Czesław

inżynier leśnik

b00996_błaszczyk_czesław.pdf

/var/www/vhosts/library.appyard.uk/httpdocs/wp-content/uploads/archiwum/b00996_błaszczyk_czesław.pdf

https://library.appyard.uk/wp-content/uploads/archiwum/b00996_błaszczyk_czesław.pdf

BŁASZCZYK Czesław — skan koperty
