{"id":2873,"date":"2026-08-30T14:41:07","date_gmt":"2026-08-30T14:41:07","guid":{"rendered":"https:\/\/library.appyard.uk\/archiwum\/bukowinski-wladyslaw-antoni\/"},"modified":"2026-08-30T14:41:07","modified_gmt":"2026-08-30T14:41:07","slug":"bukowinski-wladyslaw-antoni","status":"publish","type":"archiwum","link":"https:\/\/library.appyard.uk\/en\/archiwum\/bukowinski-wladyslaw-antoni\/","title":{"rendered":"BUKOWI\u0143SKI W\u0142adys\u0142aw Antoni"},"template":"","meta":{"_breakdance_hide_in_design_set":false,"_breakdance_tags":""},"litera":[4],"class_list":["post-2873","archiwum","type-archiwum","status-publish","hentry","litera-b"],"meta_box":{"notes":"beatyfikowany 11.09.2016","language":"PL","dod":"03.12.1974","pod":"Karaganda","cod":"ZSRR","cem":"","lname":"BUKOWI\u0143SKI","fname":"W\u0142adys\u0142aw Antoni","othernames":"","dob":"22.12.1904","pob":"Berdycz\u00f3w","cob":"","jobtitle":"duchowny rzymskokatolicki","id_native":"2350","id_formatted":"B02350","kopert":"647","pdf_scan":[{"ID":"6903","name":"b02350_bukowi\u0144ski_w\u0142adys\u0142aw_antoni.pdf","path":"\/var\/www\/vhosts\/library.appyard.uk\/httpdocs\/wp-content\/uploads\/archiwum\/b02350_bukowi\u0144ski_w\u0142adys\u0142aw_antoni.pdf","url":"https:\/\/library.appyard.uk\/wp-content\/uploads\/archiwum\/b02350_bukowi\u0144ski_w\u0142adys\u0142aw_antoni.pdf","title":"BUKOWI\u0143SKI W\u0142adys\u0142aw Antoni \u2014 skan koperty"}]},"_links":{"self":[{"href":"https:\/\/library.appyard.uk\/en\/wp-json\/wp\/v2\/archiwum\/2873","targetHints":{"allow":["GET"]}}],"collection":[{"href":"https:\/\/library.appyard.uk\/en\/wp-json\/wp\/v2\/archiwum"}],"about":[{"href":"https:\/\/library.appyard.uk\/en\/wp-json\/wp\/v2\/types\/archiwum"}],"wp:attachment":[{"href":"https:\/\/library.appyard.uk\/en\/wp-json\/wp\/v2\/media?parent=2873"}],"wp:term":[{"taxonomy":"litera","embeddable":true,"href":"https:\/\/library.appyard.uk\/en\/wp-json\/wp\/v2\/litera?post=2873"}],"curies":[{"name":"wp","href":"https:\/\/api.w.org\/{rel}","templated":true}]}}

BUKOWIŃSKI Władysław Antoni

BUKOWIŃSKI

Władysław Antoni

Berdyczów

b02350_bukowiński_władysław_antoni.pdf

/var/www/vhosts/library.appyard.uk/httpdocs/wp-content/uploads/archiwum/b02350_bukowiński_władysław_antoni.pdf

https://library.appyard.uk/wp-content/uploads/archiwum/b02350_bukowiński_władysław_antoni.pdf

BUKOWIŃSKI Władysław Antoni — skan koperty
