{"id":2846,"date":"2026-08-30T14:41:07","date_gmt":"2026-08-30T14:41:07","guid":{"rendered":"https:\/\/library.appyard.uk\/archiwum\/bujnowski-jan\/"},"modified":"2026-08-30T14:41:07","modified_gmt":"2026-08-30T14:41:07","slug":"bujnowski-jan","status":"publish","type":"archiwum","link":"https:\/\/library.appyard.uk\/en\/archiwum\/bujnowski-jan\/","title":{"rendered":"BUJNOWSKI Jan"},"template":"","meta":{"_breakdance_hide_in_design_set":false,"_breakdance_tags":""},"litera":[4],"class_list":["post-2846","archiwum","type-archiwum","status-publish","hentry","litera-b"],"meta_box":{"notes":"oficer wojsk plskich, wi\u0119zie\u0144 \u0142agr\u00f3w sowieckich, uczestnik walk 18 Batalionu 5. Dywizji Kresowej","language":"PL","dod":"14.07.1983","pod":"","cod":"Argentyna","cem":"Pablo Podesta","lname":"BUJNOWSKI","fname":"Jan","othernames":"","dob":"","pob":"","cob":"","jobtitle":"","id_native":"2323","id_formatted":"B02323","kopert":"","pdf_scan":[{"ID":"6721","name":"b02323_bujnowski_jan.pdf","path":"\/var\/www\/vhosts\/library.appyard.uk\/httpdocs\/wp-content\/uploads\/archiwum\/b02323_bujnowski_jan.pdf","url":"https:\/\/library.appyard.uk\/wp-content\/uploads\/archiwum\/b02323_bujnowski_jan.pdf","title":"BUJNOWSKI Jan \u2014 skan koperty"}]},"_links":{"self":[{"href":"https:\/\/library.appyard.uk\/en\/wp-json\/wp\/v2\/archiwum\/2846","targetHints":{"allow":["GET"]}}],"collection":[{"href":"https:\/\/library.appyard.uk\/en\/wp-json\/wp\/v2\/archiwum"}],"about":[{"href":"https:\/\/library.appyard.uk\/en\/wp-json\/wp\/v2\/types\/archiwum"}],"wp:attachment":[{"href":"https:\/\/library.appyard.uk\/en\/wp-json\/wp\/v2\/media?parent=2846"}],"wp:term":[{"taxonomy":"litera","embeddable":true,"href":"https:\/\/library.appyard.uk\/en\/wp-json\/wp\/v2\/litera?post=2846"}],"curies":[{"name":"wp","href":"https:\/\/api.w.org\/{rel}","templated":true}]}}

oficer wojsk plskich, więzień łagrów sowieckich, uczestnik walk 18 Batalionu 5. Dywizji Kresowej
