{"id":2803,"date":"2026-08-30T14:41:07","date_gmt":"2026-08-30T14:41:07","guid":{"rendered":"https:\/\/library.appyard.uk\/archiwum\/budzynska-izabella\/"},"modified":"2026-08-30T14:41:07","modified_gmt":"2026-08-30T14:41:07","slug":"budzynska-izabella","status":"publish","type":"archiwum","link":"https:\/\/library.appyard.uk\/en\/archiwum\/budzynska-izabella\/","title":{"rendered":"BUDZY\u0143SKA Izabella"},"template":"","meta":{"_breakdance_hide_in_design_set":false,"_breakdance_tags":""},"litera":[4],"class_list":["post-2803","archiwum","type-archiwum","status-publish","hentry","litera-b"],"meta_box":{"notes":"d\u0142ugoletnia bibliotekarka Ogniska Polskiego","language":"PL","dod":"01.02.1956","pod":"Londyn","cod":"Wielka Brytania","cem":"Brompton Cemetery","lname":"BUDZY\u0143SKA","fname":"Izabella","othernames":"z domu DRAIMSKA, \u017cona majora Zygmunta Budzi\u0144skiego","dob":"","pob":"","cob":"","jobtitle":"","id_native":"2279","id_formatted":"B02279","kopert":"","pdf_scan":[{"ID":"6799","name":"b02279_budzy\u0144ska_izabella.pdf","path":"\/var\/www\/vhosts\/library.appyard.uk\/httpdocs\/wp-content\/uploads\/archiwum\/b02279_budzy\u0144ska_izabella.pdf","url":"https:\/\/library.appyard.uk\/wp-content\/uploads\/archiwum\/b02279_budzy\u0144ska_izabella.pdf","title":"BUDZY\u0143SKA Izabella \u2014 skan koperty"}]},"_links":{"self":[{"href":"https:\/\/library.appyard.uk\/en\/wp-json\/wp\/v2\/archiwum\/2803","targetHints":{"allow":["GET"]}}],"collection":[{"href":"https:\/\/library.appyard.uk\/en\/wp-json\/wp\/v2\/archiwum"}],"about":[{"href":"https:\/\/library.appyard.uk\/en\/wp-json\/wp\/v2\/types\/archiwum"}],"wp:attachment":[{"href":"https:\/\/library.appyard.uk\/en\/wp-json\/wp\/v2\/media?parent=2803"}],"wp:term":[{"taxonomy":"litera","embeddable":true,"href":"https:\/\/library.appyard.uk\/en\/wp-json\/wp\/v2\/litera?post=2803"}],"curies":[{"name":"wp","href":"https:\/\/api.w.org\/{rel}","templated":true}]}}

BUDZYŃSKA Izabella

długoletnia bibliotekarka Ogniska Polskiego

BUDZYŃSKA

z domu DRAIMSKA, żona majora Zygmunta Budzińskiego

b02279_budzyńska_izabella.pdf

/var/www/vhosts/library.appyard.uk/httpdocs/wp-content/uploads/archiwum/b02279_budzyńska_izabella.pdf

https://library.appyard.uk/wp-content/uploads/archiwum/b02279_budzyńska_izabella.pdf

BUDZYŃSKA Izabella — skan koperty
