{"id":2786,"date":"2026-08-30T14:41:07","date_gmt":"2026-08-30T14:41:07","guid":{"rendered":"https:\/\/library.appyard.uk\/archiwum\/budny-michal-adam\/"},"modified":"2026-08-30T14:41:07","modified_gmt":"2026-08-30T14:41:07","slug":"budny-michal-adam","status":"publish","type":"archiwum","link":"https:\/\/library.appyard.uk\/en\/archiwum\/budny-michal-adam\/","title":{"rendered":"BUDNY Micha\u0142 Adam"},"template":"","meta":{"_breakdance_hide_in_design_set":false,"_breakdance_tags":""},"litera":[4],"class_list":["post-2786","archiwum","type-archiwum","status-publish","hentry","litera-b"],"meta_box":{"notes":"dyplomata niepodleg\u0142ej Rzeczypospolitej, prezes Instytutu Pi\u0142sudskiego w Nowym Jorku","language":"PL","dod":"11.10.1995","pod":"","cod":"Stany Zjednoczone","cem":"Ameryka\u0144ska Cz\u0119stochowa, Doylestown, PA","lname":"BUDNY","fname":"Micha\u0142 Adam","othernames":"","dob":"23.08.1907","pob":"Kielce","cob":"","jobtitle":"prawnik","id_native":"2266","id_formatted":"B02266","kopert":"","pdf_scan":[{"ID":"6782","name":"b02266_budny_micha\u0142_adam.pdf","path":"\/var\/www\/vhosts\/library.appyard.uk\/httpdocs\/wp-content\/uploads\/archiwum\/b02266_budny_micha\u0142_adam.pdf","url":"https:\/\/library.appyard.uk\/wp-content\/uploads\/archiwum\/b02266_budny_micha\u0142_adam.pdf","title":"BUDNY Micha\u0142 Adam \u2014 skan koperty"}]},"_links":{"self":[{"href":"https:\/\/library.appyard.uk\/en\/wp-json\/wp\/v2\/archiwum\/2786","targetHints":{"allow":["GET"]}}],"collection":[{"href":"https:\/\/library.appyard.uk\/en\/wp-json\/wp\/v2\/archiwum"}],"about":[{"href":"https:\/\/library.appyard.uk\/en\/wp-json\/wp\/v2\/types\/archiwum"}],"wp:attachment":[{"href":"https:\/\/library.appyard.uk\/en\/wp-json\/wp\/v2\/media?parent=2786"}],"wp:term":[{"taxonomy":"litera","embeddable":true,"href":"https:\/\/library.appyard.uk\/en\/wp-json\/wp\/v2\/litera?post=2786"}],"curies":[{"name":"wp","href":"https:\/\/api.w.org\/{rel}","templated":true}]}}

BUDNY Michał Adam

dyplomata niepodległej Rzeczypospolitej, prezes Instytutu Piłsudskiego w Nowym Jorku

Amerykańska Częstochowa, Doylestown, PA

Michał Adam

b02266_budny_michał_adam.pdf

/var/www/vhosts/library.appyard.uk/httpdocs/wp-content/uploads/archiwum/b02266_budny_michał_adam.pdf

https://library.appyard.uk/wp-content/uploads/archiwum/b02266_budny_michał_adam.pdf

BUDNY Michał Adam — skan koperty
