{"id":2773,"date":"2026-08-30T14:41:06","date_gmt":"2026-08-30T14:41:06","guid":{"rendered":"https:\/\/library.appyard.uk\/archiwum\/buczylko-waclaw\/"},"modified":"2026-08-30T14:41:06","modified_gmt":"2026-08-30T14:41:06","slug":"buczylko-waclaw","status":"publish","type":"archiwum","link":"https:\/\/library.appyard.uk\/en\/archiwum\/buczylko-waclaw\/","title":{"rendered":"BUCZY\u0141KO Wac\u0142aw"},"template":"","meta":{"_breakdance_hide_in_design_set":false,"_breakdance_tags":""},"litera":[4],"class_list":["post-2773","archiwum","type-archiwum","status-publish","hentry","litera-b"],"meta_box":{"notes":"chor\u0105\u017cy pilot Polskich Si\u0142 Powietrznych","language":"PL","dod":"15.11.1988","pod":"Zakopane","cod":"Polska","cem":"","lname":"BUCZY\u0141KO","fname":"Wac\u0142aw","othernames":"","dob":"25.03.1912","pob":"","cob":"","jobtitle":"","id_native":"2255","id_formatted":"B02255","kopert":"","pdf_scan":[{"ID":"7057","name":"b02255_buczy\u0142ko_wac\u0142aw.pdf","path":"\/var\/www\/vhosts\/library.appyard.uk\/httpdocs\/wp-content\/uploads\/archiwum\/b02255_buczy\u0142ko_wac\u0142aw.pdf","url":"https:\/\/library.appyard.uk\/wp-content\/uploads\/archiwum\/b02255_buczy\u0142ko_wac\u0142aw.pdf","title":"BUCZY\u0141KO Wac\u0142aw \u2014 skan koperty"}]},"_links":{"self":[{"href":"https:\/\/library.appyard.uk\/en\/wp-json\/wp\/v2\/archiwum\/2773","targetHints":{"allow":["GET"]}}],"collection":[{"href":"https:\/\/library.appyard.uk\/en\/wp-json\/wp\/v2\/archiwum"}],"about":[{"href":"https:\/\/library.appyard.uk\/en\/wp-json\/wp\/v2\/types\/archiwum"}],"wp:attachment":[{"href":"https:\/\/library.appyard.uk\/en\/wp-json\/wp\/v2\/media?parent=2773"}],"wp:term":[{"taxonomy":"litera","embeddable":true,"href":"https:\/\/library.appyard.uk\/en\/wp-json\/wp\/v2\/litera?post=2773"}],"curies":[{"name":"wp","href":"https:\/\/api.w.org\/{rel}","templated":true}]}}

BUCZYŁKO Wacław

chorąży pilot Polskich Sił Powietrznych

BUCZYŁKO

Wacław

b02255_buczyłko_wacław.pdf

/var/www/vhosts/library.appyard.uk/httpdocs/wp-content/uploads/archiwum/b02255_buczyłko_wacław.pdf

https://library.appyard.uk/wp-content/uploads/archiwum/b02255_buczyłko_wacław.pdf

BUCZYŁKO Wacław — skan koperty
