{"id":2770,"date":"2026-08-30T14:41:06","date_gmt":"2026-08-30T14:41:06","guid":{"rendered":"https:\/\/library.appyard.uk\/archiwum\/buczynski-jan-krzysztof\/"},"modified":"2026-08-30T14:41:06","modified_gmt":"2026-08-30T14:41:06","slug":"buczynski-jan-krzysztof","status":"publish","type":"archiwum","link":"https:\/\/library.appyard.uk\/en\/archiwum\/buczynski-jan-krzysztof\/","title":{"rendered":"BUCZY\u0143SKI Jan Krzysztof"},"template":"","meta":{"_breakdance_hide_in_design_set":false,"_breakdance_tags":""},"litera":[4],"class_list":["post-2770","archiwum","type-archiwum","status-publish","hentry","litera-b"],"meta_box":{"notes":"kadet Junackiej Szko\u0142y Kadet\u00f3w na \u015arodkowym  Wschodzie, cz\u0142onkowska karta ewidencyjna SKO","language":"PL","dod":"","pod":"","cod":"","cem":"","lname":"BUCZY\u0143SKI","fname":"Jan Krzysztof","othernames":"","dob":"21.09.1927","pob":"","cob":"","jobtitle":"","id_native":"2241","id_formatted":"B02241","kopert":"","pdf_scan":[{"ID":"7021","name":"b02241_buczy\u0144ski_jan_krzysztof.pdf","path":"\/var\/www\/vhosts\/library.appyard.uk\/httpdocs\/wp-content\/uploads\/archiwum\/b02241_buczy\u0144ski_jan_krzysztof.pdf","url":"https:\/\/library.appyard.uk\/wp-content\/uploads\/archiwum\/b02241_buczy\u0144ski_jan_krzysztof.pdf","title":"BUCZY\u0143SKI Jan Krzysztof \u2014 skan koperty"}]},"_links":{"self":[{"href":"https:\/\/library.appyard.uk\/en\/wp-json\/wp\/v2\/archiwum\/2770","targetHints":{"allow":["GET"]}}],"collection":[{"href":"https:\/\/library.appyard.uk\/en\/wp-json\/wp\/v2\/archiwum"}],"about":[{"href":"https:\/\/library.appyard.uk\/en\/wp-json\/wp\/v2\/types\/archiwum"}],"wp:attachment":[{"href":"https:\/\/library.appyard.uk\/en\/wp-json\/wp\/v2\/media?parent=2770"}],"wp:term":[{"taxonomy":"litera","embeddable":true,"href":"https:\/\/library.appyard.uk\/en\/wp-json\/wp\/v2\/litera?post=2770"}],"curies":[{"name":"wp","href":"https:\/\/api.w.org\/{rel}","templated":true}]}}

BUCZYŃSKI Jan Krzysztof

kadet Junackiej Szkoły Kadetów na Środkowym  Wschodzie, członkowska karta ewidencyjna SKO

BUCZYŃSKI

b02241_buczyński_jan_krzysztof.pdf

/var/www/vhosts/library.appyard.uk/httpdocs/wp-content/uploads/archiwum/b02241_buczyński_jan_krzysztof.pdf

https://library.appyard.uk/wp-content/uploads/archiwum/b02241_buczyński_jan_krzysztof.pdf

BUCZYŃSKI Jan Krzysztof — skan koperty
