{"id":2750,"date":"2026-08-30T14:41:06","date_gmt":"2026-08-30T14:41:06","guid":{"rendered":"https:\/\/library.appyard.uk\/archiwum\/buczek-fryderyk-jan\/"},"modified":"2026-08-30T14:41:06","modified_gmt":"2026-08-30T14:41:06","slug":"buczek-fryderyk-jan","status":"publish","type":"archiwum","link":"https:\/\/library.appyard.uk\/en\/archiwum\/buczek-fryderyk-jan\/","title":{"rendered":"BUCZEK Fryderyk Jan"},"template":"","meta":{"_breakdance_hide_in_design_set":false,"_breakdance_tags":""},"litera":[4],"class_list":["post-2750","archiwum","type-archiwum","status-publish","hentry","litera-b"],"meta_box":{"notes":"podporucznik \u0142\u0105czno\u015bciowiec","language":"PL","dod":"05.06.2006","pod":"Londyn","cod":"Wielka Brytania","cem":"","lname":"BUCZEK","fname":"Fryderyk Jan","othernames":"w nekrologach pojawia si\u0119 FRANCISZEK, prawdopodobnie pomy\u0142ka drukarska","dob":"89 lat","pob":"","cob":"","jobtitle":"","id_native":"2222","id_formatted":"B02222","kopert":"","pdf_scan":[{"ID":"6972","name":"b02222_buczek_fryderyk_jan.pdf","path":"\/var\/www\/vhosts\/library.appyard.uk\/httpdocs\/wp-content\/uploads\/archiwum\/b02222_buczek_fryderyk_jan.pdf","url":"https:\/\/library.appyard.uk\/wp-content\/uploads\/archiwum\/b02222_buczek_fryderyk_jan.pdf","title":"BUCZEK Fryderyk Jan \u2014 skan koperty"}]},"_links":{"self":[{"href":"https:\/\/library.appyard.uk\/en\/wp-json\/wp\/v2\/archiwum\/2750","targetHints":{"allow":["GET"]}}],"collection":[{"href":"https:\/\/library.appyard.uk\/en\/wp-json\/wp\/v2\/archiwum"}],"about":[{"href":"https:\/\/library.appyard.uk\/en\/wp-json\/wp\/v2\/types\/archiwum"}],"wp:attachment":[{"href":"https:\/\/library.appyard.uk\/en\/wp-json\/wp\/v2\/media?parent=2750"}],"wp:term":[{"taxonomy":"litera","embeddable":true,"href":"https:\/\/library.appyard.uk\/en\/wp-json\/wp\/v2\/litera?post=2750"}],"curies":[{"name":"wp","href":"https:\/\/api.w.org\/{rel}","templated":true}]}}

podporucznik łącznościowiec

w nekrologach pojawia się FRANCISZEK, prawdopodobnie pomyłka drukarska
