{"id":2560,"date":"2026-08-30T14:41:04","date_gmt":"2026-08-30T14:41:04","guid":{"rendered":"https:\/\/library.appyard.uk\/archiwum\/brycki-jan-s\/"},"modified":"2026-08-30T14:41:04","modified_gmt":"2026-08-30T14:41:04","slug":"brycki-jan-s","status":"publish","type":"archiwum","link":"https:\/\/library.appyard.uk\/en\/archiwum\/brycki-jan-s\/","title":{"rendered":"BRYCKI Jan S."},"template":"","meta":{"_breakdance_hide_in_design_set":false,"_breakdance_tags":""},"litera":[4],"class_list":["post-2560","archiwum","type-archiwum","status-publish","hentry","litera-b"],"meta_box":{"notes":"podoficer Polskich Si\u0142a Powietrznych (303 Dywizjon My\u015bliwski, 300 Dywizjona Bombardier\u00f3w)","language":"PL","dod":"20.03.2007","pod":"Morton","cod":"Stany Zjednoczone","cem":"","lname":"BRYCKI","fname":"Jan S.","othernames":"","dob":"03.08.1919","pob":"","cob":"","jobtitle":"","id_native":"2033","id_formatted":"B02033","kopert":"","pdf_scan":[{"ID":"7212","name":"b02033_brycki_jan_s.pdf","path":"\/var\/www\/vhosts\/library.appyard.uk\/httpdocs\/wp-content\/uploads\/archiwum\/b02033_brycki_jan_s.pdf","url":"https:\/\/library.appyard.uk\/wp-content\/uploads\/archiwum\/b02033_brycki_jan_s.pdf","title":"BRYCKI Jan S. \u2014 skan koperty"}]},"_links":{"self":[{"href":"https:\/\/library.appyard.uk\/en\/wp-json\/wp\/v2\/archiwum\/2560","targetHints":{"allow":["GET"]}}],"collection":[{"href":"https:\/\/library.appyard.uk\/en\/wp-json\/wp\/v2\/archiwum"}],"about":[{"href":"https:\/\/library.appyard.uk\/en\/wp-json\/wp\/v2\/types\/archiwum"}],"wp:attachment":[{"href":"https:\/\/library.appyard.uk\/en\/wp-json\/wp\/v2\/media?parent=2560"}],"wp:term":[{"taxonomy":"litera","embeddable":true,"href":"https:\/\/library.appyard.uk\/en\/wp-json\/wp\/v2\/litera?post=2560"}],"curies":[{"name":"wp","href":"https:\/\/api.w.org\/{rel}","templated":true}]}}

podoficer Polskich Siła Powietrznych (303 Dywizjon Myśliwski, 300 Dywizjona Bombardierów)
