{"id":2536,"date":"2026-08-30T14:41:04","date_gmt":"2026-08-30T14:41:04","guid":{"rendered":"https:\/\/library.appyard.uk\/archiwum\/brozek-karol\/"},"modified":"2026-08-30T14:41:04","modified_gmt":"2026-08-30T14:41:04","slug":"brozek-karol","status":"publish","type":"archiwum","link":"https:\/\/library.appyard.uk\/en\/archiwum\/brozek-karol\/","title":{"rendered":"BRO\u017bEK Karol"},"template":"","meta":{"_breakdance_hide_in_design_set":false,"_breakdance_tags":""},"litera":[4],"class_list":["post-2536","archiwum","type-archiwum","status-publish","hentry","litera-b"],"meta_box":{"notes":"kapitan marynarki wojennej, cz\u0142onek Ko\u0142a AK w NJ, wiceprezes Stowarzyszenia Weteran\u00f3w Marynarki Wojennej w NJ","language":"PL","dod":"06.04.1992","pod":"New York, NY","cod":"Stany Zjednoczone","cem":"Ameryka\u0144ska Cz\u0119stochowa, Doylestown, PA","lname":"BRO\u017bEK","fname":"Karol","othernames":"","dob":"","pob":"","cob":"","jobtitle":"","id_native":"2010","id_formatted":"B02010","kopert":"","pdf_scan":[{"ID":"7339","name":"b02010_bro\u017cek_karol.pdf","path":"\/var\/www\/vhosts\/library.appyard.uk\/httpdocs\/wp-content\/uploads\/archiwum\/b02010_bro\u017cek_karol.pdf","url":"https:\/\/library.appyard.uk\/wp-content\/uploads\/archiwum\/b02010_bro\u017cek_karol.pdf","title":"BRO\u017bEK Karol \u2014 skan koperty"}]},"_links":{"self":[{"href":"https:\/\/library.appyard.uk\/en\/wp-json\/wp\/v2\/archiwum\/2536","targetHints":{"allow":["GET"]}}],"collection":[{"href":"https:\/\/library.appyard.uk\/en\/wp-json\/wp\/v2\/archiwum"}],"about":[{"href":"https:\/\/library.appyard.uk\/en\/wp-json\/wp\/v2\/types\/archiwum"}],"wp:attachment":[{"href":"https:\/\/library.appyard.uk\/en\/wp-json\/wp\/v2\/media?parent=2536"}],"wp:term":[{"taxonomy":"litera","embeddable":true,"href":"https:\/\/library.appyard.uk\/en\/wp-json\/wp\/v2\/litera?post=2536"}],"curies":[{"name":"wp","href":"https:\/\/api.w.org\/{rel}","templated":true}]}}

BROŻEK Karol

kapitan marynarki wojennej, członek Koła AK w NJ, wiceprezes Stowarzyszenia Weteranów Marynarki Wojennej w NJ

Amerykańska Częstochowa, Doylestown, PA

BROŻEK

b02010_brożek_karol.pdf

/var/www/vhosts/library.appyard.uk/httpdocs/wp-content/uploads/archiwum/b02010_brożek_karol.pdf

https://library.appyard.uk/wp-content/uploads/archiwum/b02010_brożek_karol.pdf

BROŻEK Karol — skan koperty
