{"id":2433,"date":"2026-08-30T14:41:04","date_gmt":"2026-08-30T14:41:04","guid":{"rendered":"https:\/\/library.appyard.uk\/archiwum\/brelik-adam\/"},"modified":"2026-08-30T14:41:04","modified_gmt":"2026-08-30T14:41:04","slug":"brelik-adam","status":"publish","type":"archiwum","link":"https:\/\/library.appyard.uk\/en\/archiwum\/brelik-adam\/","title":{"rendered":"BRELIK Adam"},"template":"","meta":{"_breakdance_hide_in_design_set":false,"_breakdance_tags":""},"litera":[4],"class_list":["post-2433","archiwum","type-archiwum","status-publish","hentry","litera-b"],"meta_box":{"notes":"\u017co\u0142nierz marsza\u0142ka Pi\u0142sudskiego, pochowany w Przemy\u015blu","language":"PL","dod":"27.03.1969","pod":"Ipswich","cod":"Wielka Brytania","cem":"","lname":"BRELIK","fname":"Adam","othernames":"","dob":"","pob":"Przemy\u015bl","cob":"","jobtitle":"","id_native":"1906","id_formatted":"B01906","kopert":"","pdf_scan":[{"ID":"7220","name":"b01906_brelik_adam.pdf","path":"\/var\/www\/vhosts\/library.appyard.uk\/httpdocs\/wp-content\/uploads\/archiwum\/b01906_brelik_adam.pdf","url":"https:\/\/library.appyard.uk\/wp-content\/uploads\/archiwum\/b01906_brelik_adam.pdf","title":"BRELIK Adam \u2014 skan koperty"}]},"_links":{"self":[{"href":"https:\/\/library.appyard.uk\/en\/wp-json\/wp\/v2\/archiwum\/2433","targetHints":{"allow":["GET"]}}],"collection":[{"href":"https:\/\/library.appyard.uk\/en\/wp-json\/wp\/v2\/archiwum"}],"about":[{"href":"https:\/\/library.appyard.uk\/en\/wp-json\/wp\/v2\/types\/archiwum"}],"wp:attachment":[{"href":"https:\/\/library.appyard.uk\/en\/wp-json\/wp\/v2\/media?parent=2433"}],"wp:term":[{"taxonomy":"litera","embeddable":true,"href":"https:\/\/library.appyard.uk\/en\/wp-json\/wp\/v2\/litera?post=2433"}],"curies":[{"name":"wp","href":"https:\/\/api.w.org\/{rel}","templated":true}]}}

żołnierz marszałka Piłsudskiego, pochowany w Przemyślu

Przemyśl
