{"id":2286,"date":"2026-08-30T14:41:03","date_gmt":"2026-08-30T14:41:03","guid":{"rendered":"https:\/\/library.appyard.uk\/archiwum\/borysiuk-wlodzimierz\/"},"modified":"2026-08-30T14:41:03","modified_gmt":"2026-08-30T14:41:03","slug":"borysiuk-wlodzimierz","status":"publish","type":"archiwum","link":"https:\/\/library.appyard.uk\/en\/archiwum\/borysiuk-wlodzimierz\/","title":{"rendered":"BORYSIUK W\u0142odzimierz"},"template":"","meta":{"_breakdance_hide_in_design_set":false,"_breakdance_tags":""},"litera":[4],"class_list":["post-2286","archiwum","type-archiwum","status-publish","hentry","litera-b"],"meta_box":{"notes":"\u017co\u0142nierz 2. Korpusu, uczestnik walk pod Monte Cassino, wieloletni prezes Zwi\u0105zku Polak\u00f3w w Rosario","language":"PL","dod":"29.04.2004","pod":"Rosario","cod":"Argentyna","cem":"","lname":"BORYSIUK","fname":"W\u0142odzimierz","othernames":"","dob":"","pob":"","cob":"","jobtitle":"","id_native":"1763","id_formatted":"B01763","kopert":"","pdf_scan":[{"ID":"7397","name":"b01763_borysiuk_w\u0142odzimierz.pdf","path":"\/var\/www\/vhosts\/library.appyard.uk\/httpdocs\/wp-content\/uploads\/archiwum\/b01763_borysiuk_w\u0142odzimierz.pdf","url":"https:\/\/library.appyard.uk\/wp-content\/uploads\/archiwum\/b01763_borysiuk_w\u0142odzimierz.pdf","title":"BORYSIUK W\u0142odzimierz \u2014 skan koperty"}]},"_links":{"self":[{"href":"https:\/\/library.appyard.uk\/en\/wp-json\/wp\/v2\/archiwum\/2286","targetHints":{"allow":["GET"]}}],"collection":[{"href":"https:\/\/library.appyard.uk\/en\/wp-json\/wp\/v2\/archiwum"}],"about":[{"href":"https:\/\/library.appyard.uk\/en\/wp-json\/wp\/v2\/types\/archiwum"}],"wp:attachment":[{"href":"https:\/\/library.appyard.uk\/en\/wp-json\/wp\/v2\/media?parent=2286"}],"wp:term":[{"taxonomy":"litera","embeddable":true,"href":"https:\/\/library.appyard.uk\/en\/wp-json\/wp\/v2\/litera?post=2286"}],"curies":[{"name":"wp","href":"https:\/\/api.w.org\/{rel}","templated":true}]}}

BORYSIUK Włodzimierz

żołnierz 2. Korpusu, uczestnik walk pod Monte Cassino, wieloletni prezes Związku Polaków w Rosario

Włodzimierz

b01763_borysiuk_włodzimierz.pdf

/var/www/vhosts/library.appyard.uk/httpdocs/wp-content/uploads/archiwum/b01763_borysiuk_włodzimierz.pdf

https://library.appyard.uk/wp-content/uploads/archiwum/b01763_borysiuk_włodzimierz.pdf

BORYSIUK Włodzimierz — skan koperty
