{"id":2277,"date":"2026-08-30T14:41:03","date_gmt":"2026-08-30T14:41:03","guid":{"rendered":"https:\/\/library.appyard.uk\/archiwum\/borysiewicz-jan\/"},"modified":"2026-08-30T14:41:03","modified_gmt":"2026-08-30T14:41:03","slug":"borysiewicz-jan","status":"publish","type":"archiwum","link":"https:\/\/library.appyard.uk\/en\/archiwum\/borysiewicz-jan\/","title":{"rendered":"BORYSIEWICZ Jan"},"template":"","meta":{"_breakdance_hide_in_design_set":false,"_breakdance_tags":""},"litera":[4],"class_list":["post-2277","archiwum","type-archiwum","status-publish","hentry","litera-b"],"meta_box":{"notes":"\u017co\u0142nierz 2. Korpusu, uczestnik walk pod Monte Cassino","language":"PL","dod":"09.08.2020","pod":"Cardigan, Walia","cod":"Wielka Brytania","cem":"Western Cemetery, Cardiff","lname":"BORYSIEWICZ","fname":"Jan","othernames":"","dob":"01.04.1919","pob":"D\u0105br\u00f3wki ko\u0142o Bia\u0142egostoku","cob":"","jobtitle":"","id_native":"1754","id_formatted":"B01754","kopert":"","pdf_scan":[{"ID":"7504","name":"b01754_borysiewicz_jan.pdf","path":"\/var\/www\/vhosts\/library.appyard.uk\/httpdocs\/wp-content\/uploads\/archiwum\/b01754_borysiewicz_jan.pdf","url":"https:\/\/library.appyard.uk\/wp-content\/uploads\/archiwum\/b01754_borysiewicz_jan.pdf","title":"BORYSIEWICZ Jan \u2014 skan koperty"}]},"_links":{"self":[{"href":"https:\/\/library.appyard.uk\/en\/wp-json\/wp\/v2\/archiwum\/2277","targetHints":{"allow":["GET"]}}],"collection":[{"href":"https:\/\/library.appyard.uk\/en\/wp-json\/wp\/v2\/archiwum"}],"about":[{"href":"https:\/\/library.appyard.uk\/en\/wp-json\/wp\/v2\/types\/archiwum"}],"wp:attachment":[{"href":"https:\/\/library.appyard.uk\/en\/wp-json\/wp\/v2\/media?parent=2277"}],"wp:term":[{"taxonomy":"litera","embeddable":true,"href":"https:\/\/library.appyard.uk\/en\/wp-json\/wp\/v2\/litera?post=2277"}],"curies":[{"name":"wp","href":"https:\/\/api.w.org\/{rel}","templated":true}]}}

żołnierz 2. Korpusu, uczestnik walk pod Monte Cassino

Dąbrówki koło Białegostoku
