{"id":2257,"date":"2026-08-30T14:41:03","date_gmt":"2026-08-30T14:41:03","guid":{"rendered":"https:\/\/library.appyard.uk\/archiwum\/boryczka-adam\/"},"modified":"2026-08-30T14:41:03","modified_gmt":"2026-08-30T14:41:03","slug":"boryczka-adam","status":"publish","type":"archiwum","link":"https:\/\/library.appyard.uk\/en\/archiwum\/boryczka-adam\/","title":{"rendered":"BORYCZKA Adam"},"template":"","meta":{"_breakdance_hide_in_design_set":false,"_breakdance_tags":""},"litera":[4],"class_list":["post-2257","archiwum","type-archiwum","status-publish","hentry","litera-b"],"meta_box":{"notes":"uczestnik kampanii wrze\u015bniowej i walk we Francji, pierwszy szef Kedywu, Ak Wilno, dow\u00f3dca oddzia\u0142u partyzant\u00f3w Brona, wielokrotny kurier doo kraju z ramienia WiN","language":"PL","dod":"30.04.1988","pod":"Warszawa","cod":"Polska","cem":"","lname":"BORYCZKA","fname":"Adam","othernames":"ps. To\u0144ko, Brona","dob":"18.09.1913","pob":"","cob":"","jobtitle":"","id_native":"1733","id_formatted":"B01733","kopert":"","pdf_scan":[{"ID":"7440","name":"b01733_boryczka_adam.pdf","path":"\/var\/www\/vhosts\/library.appyard.uk\/httpdocs\/wp-content\/uploads\/archiwum\/b01733_boryczka_adam.pdf","url":"https:\/\/library.appyard.uk\/wp-content\/uploads\/archiwum\/b01733_boryczka_adam.pdf","title":"BORYCZKA Adam \u2014 skan koperty"}]},"_links":{"self":[{"href":"https:\/\/library.appyard.uk\/en\/wp-json\/wp\/v2\/archiwum\/2257","targetHints":{"allow":["GET"]}}],"collection":[{"href":"https:\/\/library.appyard.uk\/en\/wp-json\/wp\/v2\/archiwum"}],"about":[{"href":"https:\/\/library.appyard.uk\/en\/wp-json\/wp\/v2\/types\/archiwum"}],"wp:attachment":[{"href":"https:\/\/library.appyard.uk\/en\/wp-json\/wp\/v2\/media?parent=2257"}],"wp:term":[{"taxonomy":"litera","embeddable":true,"href":"https:\/\/library.appyard.uk\/en\/wp-json\/wp\/v2\/litera?post=2257"}],"curies":[{"name":"wp","href":"https:\/\/api.w.org\/{rel}","templated":true}]}}

uczestnik kampanii wrześniowej i walk we Francji, pierwszy szef Kedywu, Ak Wilno, dowódca oddziału partyzantów Brona, wielokrotny kurier doo kraju z ramienia WiN

ps. Tońko, Brona
