{"id":2144,"date":"2026-08-30T14:41:03","date_gmt":"2026-08-30T14:41:03","guid":{"rendered":"https:\/\/library.appyard.uk\/archiwum\/boron-adam-jozef\/"},"modified":"2026-08-30T14:41:03","modified_gmt":"2026-08-30T14:41:03","slug":"boron-adam-jozef","status":"publish","type":"archiwum","link":"https:\/\/library.appyard.uk\/en\/archiwum\/boron-adam-jozef\/","title":{"rendered":"BORO\u0143 Adam J\u00f3zef"},"template":"","meta":{"_breakdance_hide_in_design_set":false,"_breakdance_tags":""},"litera":[4],"class_list":["post-2144","archiwum","type-archiwum","status-publish","hentry","litera-b"],"meta_box":{"notes":"\u017co\u0142nierz Armii Krajowej, ps. \"Orze\u0142\"","language":"PL","dod":"13.01.1999","pod":"Birmingham","cod":"Wielka Brytania","cem":"","lname":"BORO\u0143","fname":"Adam J\u00f3zef","othernames":"","dob":"09.03.1926","pob":"Lw\u00f3w","cob":"Polska\/ obecnie Ukraina","jobtitle":"","id_native":"1621","id_formatted":"B01621","kopert":"","pdf_scan":[{"ID":"7418","name":"b01621_boro\u0144_adam_j\u00f3zef.pdf","path":"\/var\/www\/vhosts\/library.appyard.uk\/httpdocs\/wp-content\/uploads\/archiwum\/b01621_boro\u0144_adam_j\u00f3zef.pdf","url":"https:\/\/library.appyard.uk\/wp-content\/uploads\/archiwum\/b01621_boro\u0144_adam_j\u00f3zef.pdf","title":"BORO\u0143 Adam J\u00f3zef \u2014 skan koperty"}]},"_links":{"self":[{"href":"https:\/\/library.appyard.uk\/en\/wp-json\/wp\/v2\/archiwum\/2144","targetHints":{"allow":["GET"]}}],"collection":[{"href":"https:\/\/library.appyard.uk\/en\/wp-json\/wp\/v2\/archiwum"}],"about":[{"href":"https:\/\/library.appyard.uk\/en\/wp-json\/wp\/v2\/types\/archiwum"}],"wp:attachment":[{"href":"https:\/\/library.appyard.uk\/en\/wp-json\/wp\/v2\/media?parent=2144"}],"wp:term":[{"taxonomy":"litera","embeddable":true,"href":"https:\/\/library.appyard.uk\/en\/wp-json\/wp\/v2\/litera?post=2144"}],"curies":[{"name":"wp","href":"https:\/\/api.w.org\/{rel}","templated":true}]}}

BOROŃ Adam Józef

żołnierz Armii Krajowej, ps. "Orzeł"

BOROŃ

Adam Józef

Lwów

b01621_boroń_adam_józef.pdf

/var/www/vhosts/library.appyard.uk/httpdocs/wp-content/uploads/archiwum/b01621_boroń_adam_józef.pdf

https://library.appyard.uk/wp-content/uploads/archiwum/b01621_boroń_adam_józef.pdf

BOROŃ Adam Józef — skan koperty
