{"id":2142,"date":"2026-08-30T14:41:03","date_gmt":"2026-08-30T14:41:03","guid":{"rendered":"https:\/\/library.appyard.uk\/archiwum\/borodzicz-szczesny-andrzej\/"},"modified":"2026-08-30T14:41:03","modified_gmt":"2026-08-30T14:41:03","slug":"borodzicz-szczesny-andrzej","status":"publish","type":"archiwum","link":"https:\/\/library.appyard.uk\/en\/archiwum\/borodzicz-szczesny-andrzej\/","title":{"rendered":"BORODZICZ Szcz\u0119sny Andrzej"},"template":"","meta":{"_breakdance_hide_in_design_set":false,"_breakdance_tags":""},"litera":[4],"class_list":["post-2142","archiwum","type-archiwum","status-publish","hentry","litera-b"],"meta_box":{"notes":"wi\u0119zie\u0144 \u0142agr\u00f3w sowieckich, oficer Polskich Si\u0142 Zbrojnych, dzia\u0142acz emigracyjny w Szkocji","language":"PL","dod":"19.11.1993","pod":"Warszawa","cod":"Polska","cem":"","lname":"BORODZICZ","fname":"Szcz\u0119sny Andrzej","othernames":"","dob":"71 lat","pob":"","cob":"","jobtitle":"","id_native":"1619","id_formatted":"B01619","kopert":"","pdf_scan":[{"ID":"7388","name":"b01619_borodzicz_szcz\u0119sny_andrzej.pdf","path":"\/var\/www\/vhosts\/library.appyard.uk\/httpdocs\/wp-content\/uploads\/archiwum\/b01619_borodzicz_szcz\u0119sny_andrzej.pdf","url":"https:\/\/library.appyard.uk\/wp-content\/uploads\/archiwum\/b01619_borodzicz_szcz\u0119sny_andrzej.pdf","title":"BORODZICZ Szcz\u0119sny Andrzej \u2014 skan koperty"}]},"_links":{"self":[{"href":"https:\/\/library.appyard.uk\/en\/wp-json\/wp\/v2\/archiwum\/2142","targetHints":{"allow":["GET"]}}],"collection":[{"href":"https:\/\/library.appyard.uk\/en\/wp-json\/wp\/v2\/archiwum"}],"about":[{"href":"https:\/\/library.appyard.uk\/en\/wp-json\/wp\/v2\/types\/archiwum"}],"wp:attachment":[{"href":"https:\/\/library.appyard.uk\/en\/wp-json\/wp\/v2\/media?parent=2142"}],"wp:term":[{"taxonomy":"litera","embeddable":true,"href":"https:\/\/library.appyard.uk\/en\/wp-json\/wp\/v2\/litera?post=2142"}],"curies":[{"name":"wp","href":"https:\/\/api.w.org\/{rel}","templated":true}]}}

BORODZICZ Szczęsny Andrzej

więzień łagrów sowieckich, oficer Polskich Sił Zbrojnych, działacz emigracyjny w Szkocji

Szczęsny Andrzej

b01619_borodzicz_szczęsny_andrzej.pdf

/var/www/vhosts/library.appyard.uk/httpdocs/wp-content/uploads/archiwum/b01619_borodzicz_szczęsny_andrzej.pdf

https://library.appyard.uk/wp-content/uploads/archiwum/b01619_borodzicz_szczęsny_andrzej.pdf

BORODZICZ Szczęsny Andrzej — skan koperty
