{"id":2079,"date":"2026-08-30T14:41:01","date_gmt":"2026-08-30T14:41:01","guid":{"rendered":"https:\/\/library.appyard.uk\/archiwum\/borek-stanislaw\/"},"modified":"2026-08-30T14:41:01","modified_gmt":"2026-08-30T14:41:01","slug":"borek-stanislaw","status":"publish","type":"archiwum","link":"https:\/\/library.appyard.uk\/en\/archiwum\/borek-stanislaw\/","title":{"rendered":"BOREK Stanis\u0142aw"},"template":"","meta":{"_breakdance_hide_in_design_set":false,"_breakdance_tags":""},"litera":[4],"class_list":["post-2079","archiwum","type-archiwum","status-publish","hentry","litera-b"],"meta_box":{"notes":"\u017co\u0142nierz kampanii wrze\u015bniowej, wi\u0119zie\u0144 obozu w Kozielsku, ppor. Pu\u0142ku 4. 2. Korpusu, ksi\u0105dz pra\u0142at parafii w Swindon","language":"PL","dod":"20.10.1971","pod":"Swindon","cod":"Wielka Brytania","cem":"","lname":"BOREK","fname":"Stanis\u0142aw","othernames":"","dob":"09.05.1919","pob":"D\u0105browa, powiat Pu\u0142tusk","cob":"","jobtitle":"duchowny rzymskokatolicki","id_native":"1556","id_formatted":"B01556","kopert":"","pdf_scan":[{"ID":"7643","name":"b01556_borek_stanis\u0142aw.pdf","path":"\/var\/www\/vhosts\/library.appyard.uk\/httpdocs\/wp-content\/uploads\/archiwum\/b01556_borek_stanis\u0142aw.pdf","url":"https:\/\/library.appyard.uk\/wp-content\/uploads\/archiwum\/b01556_borek_stanis\u0142aw.pdf","title":"BOREK Stanis\u0142aw \u2014 skan koperty"}]},"_links":{"self":[{"href":"https:\/\/library.appyard.uk\/en\/wp-json\/wp\/v2\/archiwum\/2079","targetHints":{"allow":["GET"]}}],"collection":[{"href":"https:\/\/library.appyard.uk\/en\/wp-json\/wp\/v2\/archiwum"}],"about":[{"href":"https:\/\/library.appyard.uk\/en\/wp-json\/wp\/v2\/types\/archiwum"}],"wp:attachment":[{"href":"https:\/\/library.appyard.uk\/en\/wp-json\/wp\/v2\/media?parent=2079"}],"wp:term":[{"taxonomy":"litera","embeddable":true,"href":"https:\/\/library.appyard.uk\/en\/wp-json\/wp\/v2\/litera?post=2079"}],"curies":[{"name":"wp","href":"https:\/\/api.w.org\/{rel}","templated":true}]}}

BOREK Stanisław

żołnierz kampanii wrześniowej, więzień obozu w Kozielsku, ppor. Pułku 4. 2. Korpusu, ksiądz prałat parafii w Swindon

Stanisław

Dąbrowa, powiat Pułtusk

b01556_borek_stanisław.pdf

/var/www/vhosts/library.appyard.uk/httpdocs/wp-content/uploads/archiwum/b01556_borek_stanisław.pdf

https://library.appyard.uk/wp-content/uploads/archiwum/b01556_borek_stanisław.pdf

BOREK Stanisław — skan koperty
